{"id":37550,"date":"2026-03-19T09:09:22","date_gmt":"2026-03-19T08:09:22","guid":{"rendered":"https:\/\/doctorquality.it\/staging\/prodotto\/cavo-hdmi-da-15-metri-4k-3d\/"},"modified":"2026-04-27T13:39:00","modified_gmt":"2026-04-27T11:39:00","slug":"cavo-hdmi-da-15-metri-4k-3d","status":"publish","type":"product","link":"https:\/\/doctorquality.it\/staging\/prodotto\/cavo-hdmi-da-15-metri-4k-3d\/","title":{"rendered":"Cavo HDMI da 1,5 metri 4k 3d"},"content":{"rendered":"<p>Cavetto HDMI adatto per i collegamenti in alta definizione<\/p>\n<p>Conforme alle specifiche HDMI High Speed, comunicazione bidirezionale fino a 100 Mbps<br \/>HDMI Ethernet Channel: supporta connessione internet via HDMI (HEC)<br \/>Channel Audio Return: consente a un HDMI collegato a TV con un sintonizzatore integrato per inviare i dati audio &#8220;a monte&#8221; ad un sistema audio surround, eliminando la necessit\u00e0 di un cavo audio separato<br \/>Supporta 3D: definisce protocolli di ingresso \/ uscita per i principali formati video 3D, anche per giochi e applicazioni 3D home theater<\/p>\n<p>Le TV ed i computer di ultima generazione, gli smartphone, i tablet, le videocamere in HD e le fotocamere digitali richiedono accessori di alta qualit\u00e0. Questo cavo HDMI consentir\u00e0 di esaltare la qualit\u00e0 audio e video del vostro apparecchio.<\/p>\n<p><strong>Ideale per collegare:<\/strong><\/p>\n<p>&#8211; Fotocamere, Videocamere e Telecamere digitali<br \/>&#8211; Tablet, Cellulari Smartphone<br \/>&#8211; Mini book, Lettori MP4<br \/>&#8211; Computer PC, Notebook<br \/>&#8211; Ricevitori satellitari e digitali terrestri<br \/>&#8211; Decoder SKY \/ SKY HD<br \/>&#8211; Home Theatre e Home Cinema<br \/>&#8211; Console e videogiochi quali Sony Play Station PS3 \/ PS4 \/ Xbox 360 \/ One<br \/>&#8211; Lettore DVD \/ HD-DVD \/ Blu-Ray<br \/>&#8211; Televisore, TV Full HD, LED, Plasma, 3D, Video proiettore<br \/>&#8211; Monitor TFT, LCD<br \/>&#8211; Schede grafiche<\/p>\n<p>Contenuto del pacco:<\/p>\n<p>Nr.1 cavo hdmi 1.5 metri<\/p>\n","protected":false},"excerpt":{"rendered":"<p>Cavetto HDMI adatto per i collegamenti in alta definizione Conforme alle specifiche HDMI High Speed, comunicazione bidirezionale fino a 100 MbpsHDMI Ethernet Channel: supporta connessione internet via HDMI (HEC)Channel Audio Return: consente a un HDMI collegato a TV con un sintonizzatore integrato per inviare i dati audio &#8220;a monte&#8221; ad un sistema audio surround, eliminando [&hellip;]<\/p>\n","protected":false},"featured_media":37547,"comment_status":"open","ping_status":"closed","template":"","meta":{"_acf_changed":false},"product_cat":[47],"product_tag":[],"class_list":{"0":"post-37550","1":"product","2":"type-product","3":"status-publish","4":"has-post-thumbnail","6":"product_cat-varie","8":"first","9":"instock","10":"taxable","11":"shipping-taxable","12":"purchasable","13":"product-type-simple"},"supplier_id":null,"supplier_sku":"","barcode":null,"atum_controlled":false,"out_stock_date":null,"out_stock_threshold":null,"inheritable":false,"inbound_stock":null,"stock_on_hold":0,"sold_today":0,"sales_last_days":0,"reserved_stock":null,"customer_returns":null,"warehouse_damage":null,"lost_in_post":null,"other_logs":null,"out_stock_days":0,"lost_sales":0,"has_location":null,"update_date":"2026-04-27T11:39:10","atum_locations":[],"atum_stock_status":"instock","restock_status":false,"low_stock_amount":"","sales_update_date":"2026-04-27T01:13:44","calc_backorders":null,"acf":[],"yoast_head":"<!-- This site is optimized with the Yoast SEO plugin v27.4 - https:\/\/yoast.com\/product\/yoast-seo-wordpress\/ -->\n<title>Cavo HDMI da 1,5 metri 4k 3d - Doctor Quality - Staging<\/title>\n<meta name=\"robots\" content=\"noindex, follow, max-snippet:-1, max-image-preview:large, max-video-preview:-1\" \/>\n<meta property=\"og:locale\" content=\"it_IT\" \/>\n<meta property=\"og:type\" content=\"article\" \/>\n<meta property=\"og:title\" content=\"Cavo HDMI da 1,5 metri 4k 3d - Doctor Quality - Staging\" \/>\n<meta property=\"og:description\" content=\"Cavetto HDMI adatto per i collegamenti in alta definizione Conforme alle specifiche HDMI High Speed, comunicazione bidirezionale fino a 100 MbpsHDMI Ethernet Channel: supporta connessione internet via HDMI (HEC)Channel Audio Return: consente a un HDMI collegato a TV con un sintonizzatore integrato per inviare i dati audio &#8220;a monte&#8221; ad un sistema audio surround, eliminando [&hellip;]\" \/>\n<meta property=\"og:url\" content=\"https:\/\/doctorquality.it\/staging\/prodotto\/cavo-hdmi-da-15-metri-4k-3d\/\" \/>\n<meta property=\"og:site_name\" content=\"Doctor Quality - Staging\" \/>\n<meta property=\"article:modified_time\" content=\"2026-04-27T11:39:00+00:00\" \/>\n<meta name=\"twitter:card\" content=\"summary_large_image\" \/>\n<meta name=\"twitter:label1\" content=\"Tempo di lettura stimato\" \/>\n\t<meta name=\"twitter:data1\" content=\"1 minuto\" \/>\n<script type=\"application\/ld+json\" class=\"yoast-schema-graph\">{\"@context\":\"https:\\\/\\\/schema.org\",\"@graph\":[{\"@type\":\"WebPage\",\"@id\":\"https:\\\/\\\/doctorquality.it\\\/staging\\\/prodotto\\\/cavo-hdmi-da-15-metri-4k-3d\\\/\",\"url\":\"https:\\\/\\\/doctorquality.it\\\/staging\\\/prodotto\\\/cavo-hdmi-da-15-metri-4k-3d\\\/\",\"name\":\"Cavo HDMI da 1,5 metri 4k 3d - Doctor Quality - Staging\",\"isPartOf\":{\"@id\":\"https:\\\/\\\/doctorquality.it\\\/staging\\\/#website\"},\"primaryImageOfPage\":{\"@id\":\"https:\\\/\\\/doctorquality.it\\\/staging\\\/prodotto\\\/cavo-hdmi-da-15-metri-4k-3d\\\/#primaryimage\"},\"image\":{\"@id\":\"https:\\\/\\\/doctorquality.it\\\/staging\\\/prodotto\\\/cavo-hdmi-da-15-metri-4k-3d\\\/#primaryimage\"},\"thumbnailUrl\":\"https:\\\/\\\/doctorquality.it\\\/staging\\\/wp-content\\\/uploads\\\/2026\\\/03\\\/wsdvcwsdc.png\",\"datePublished\":\"2026-03-19T08:09:22+00:00\",\"dateModified\":\"2026-04-27T11:39:00+00:00\",\"breadcrumb\":{\"@id\":\"https:\\\/\\\/doctorquality.it\\\/staging\\\/prodotto\\\/cavo-hdmi-da-15-metri-4k-3d\\\/#breadcrumb\"},\"inLanguage\":\"it-IT\",\"potentialAction\":[{\"@type\":\"ReadAction\",\"target\":[\"https:\\\/\\\/doctorquality.it\\\/staging\\\/prodotto\\\/cavo-hdmi-da-15-metri-4k-3d\\\/\"]}]},{\"@type\":\"ImageObject\",\"inLanguage\":\"it-IT\",\"@id\":\"https:\\\/\\\/doctorquality.it\\\/staging\\\/prodotto\\\/cavo-hdmi-da-15-metri-4k-3d\\\/#primaryimage\",\"url\":\"https:\\\/\\\/doctorquality.it\\\/staging\\\/wp-content\\\/uploads\\\/2026\\\/03\\\/wsdvcwsdc.png\",\"contentUrl\":\"https:\\\/\\\/doctorquality.it\\\/staging\\\/wp-content\\\/uploads\\\/2026\\\/03\\\/wsdvcwsdc.png\",\"width\":800,\"height\":776},{\"@type\":\"BreadcrumbList\",\"@id\":\"https:\\\/\\\/doctorquality.it\\\/staging\\\/prodotto\\\/cavo-hdmi-da-15-metri-4k-3d\\\/#breadcrumb\",\"itemListElement\":[{\"@type\":\"ListItem\",\"position\":1,\"name\":\"Home\",\"item\":\"https:\\\/\\\/doctorquality.it\\\/staging\\\/\"},{\"@type\":\"ListItem\",\"position\":2,\"name\":\"Shop\",\"item\":\"https:\\\/\\\/doctorquality.it\\\/staging\\\/shop\\\/\"},{\"@type\":\"ListItem\",\"position\":3,\"name\":\"Cavo HDMI da 1,5 metri 4k 3d\"}]},{\"@type\":\"WebSite\",\"@id\":\"https:\\\/\\\/doctorquality.it\\\/staging\\\/#website\",\"url\":\"https:\\\/\\\/doctorquality.it\\\/staging\\\/\",\"name\":\"Doctor Quality - Staging\",\"description\":\"I migliori Integratori e Medicinali al miglior prezzo online.\",\"publisher\":{\"@id\":\"https:\\\/\\\/doctorquality.it\\\/staging\\\/#organization\"},\"potentialAction\":[{\"@type\":\"SearchAction\",\"target\":{\"@type\":\"EntryPoint\",\"urlTemplate\":\"https:\\\/\\\/doctorquality.it\\\/staging\\\/?s={search_term_string}\"},\"query-input\":{\"@type\":\"PropertyValueSpecification\",\"valueRequired\":true,\"valueName\":\"search_term_string\"}}],\"inLanguage\":\"it-IT\"},{\"@type\":\"Organization\",\"@id\":\"https:\\\/\\\/doctorquality.it\\\/staging\\\/#organization\",\"name\":\"Doctor Quality - Staging\",\"url\":\"https:\\\/\\\/doctorquality.it\\\/staging\\\/\",\"logo\":{\"@type\":\"ImageObject\",\"inLanguage\":\"it-IT\",\"@id\":\"https:\\\/\\\/doctorquality.it\\\/staging\\\/#\\\/schema\\\/logo\\\/image\\\/\",\"url\":\"https:\\\/\\\/doctorquality.it\\\/staging\\\/wp-content\\\/uploads\\\/2022\\\/04\\\/Doctor-Quality-Logo-1.png\",\"contentUrl\":\"https:\\\/\\\/doctorquality.it\\\/staging\\\/wp-content\\\/uploads\\\/2022\\\/04\\\/Doctor-Quality-Logo-1.png\",\"width\":1000,\"height\":200,\"caption\":\"Doctor Quality - Staging\"},\"image\":{\"@id\":\"https:\\\/\\\/doctorquality.it\\\/staging\\\/#\\\/schema\\\/logo\\\/image\\\/\"}}]}<\/script>\n<!-- \/ Yoast SEO plugin. -->","yoast_head_json":{"title":"Cavo HDMI da 1,5 metri 4k 3d - Doctor Quality - Staging","robots":{"index":"noindex","follow":"follow","max-snippet":"max-snippet:-1","max-image-preview":"max-image-preview:large","max-video-preview":"max-video-preview:-1"},"og_locale":"it_IT","og_type":"article","og_title":"Cavo HDMI da 1,5 metri 4k 3d - Doctor Quality - Staging","og_description":"Cavetto HDMI adatto per i collegamenti in alta definizione Conforme alle specifiche HDMI High Speed, comunicazione bidirezionale fino a 100 MbpsHDMI Ethernet Channel: supporta connessione internet via HDMI (HEC)Channel Audio Return: consente a un HDMI collegato a TV con un sintonizzatore integrato per inviare i dati audio &#8220;a monte&#8221; ad un sistema audio surround, eliminando [&hellip;]","og_url":"https:\/\/doctorquality.it\/staging\/prodotto\/cavo-hdmi-da-15-metri-4k-3d\/","og_site_name":"Doctor Quality - Staging","article_modified_time":"2026-04-27T11:39:00+00:00","twitter_card":"summary_large_image","twitter_misc":{"Tempo di lettura stimato":"1 minuto"},"schema":{"@context":"https:\/\/schema.org","@graph":[{"@type":"WebPage","@id":"https:\/\/doctorquality.it\/staging\/prodotto\/cavo-hdmi-da-15-metri-4k-3d\/","url":"https:\/\/doctorquality.it\/staging\/prodotto\/cavo-hdmi-da-15-metri-4k-3d\/","name":"Cavo HDMI da 1,5 metri 4k 3d - Doctor Quality - Staging","isPartOf":{"@id":"https:\/\/doctorquality.it\/staging\/#website"},"primaryImageOfPage":{"@id":"https:\/\/doctorquality.it\/staging\/prodotto\/cavo-hdmi-da-15-metri-4k-3d\/#primaryimage"},"image":{"@id":"https:\/\/doctorquality.it\/staging\/prodotto\/cavo-hdmi-da-15-metri-4k-3d\/#primaryimage"},"thumbnailUrl":"https:\/\/doctorquality.it\/staging\/wp-content\/uploads\/2026\/03\/wsdvcwsdc.png","datePublished":"2026-03-19T08:09:22+00:00","dateModified":"2026-04-27T11:39:00+00:00","breadcrumb":{"@id":"https:\/\/doctorquality.it\/staging\/prodotto\/cavo-hdmi-da-15-metri-4k-3d\/#breadcrumb"},"inLanguage":"it-IT","potentialAction":[{"@type":"ReadAction","target":["https:\/\/doctorquality.it\/staging\/prodotto\/cavo-hdmi-da-15-metri-4k-3d\/"]}]},{"@type":"ImageObject","inLanguage":"it-IT","@id":"https:\/\/doctorquality.it\/staging\/prodotto\/cavo-hdmi-da-15-metri-4k-3d\/#primaryimage","url":"https:\/\/doctorquality.it\/staging\/wp-content\/uploads\/2026\/03\/wsdvcwsdc.png","contentUrl":"https:\/\/doctorquality.it\/staging\/wp-content\/uploads\/2026\/03\/wsdvcwsdc.png","width":800,"height":776},{"@type":"BreadcrumbList","@id":"https:\/\/doctorquality.it\/staging\/prodotto\/cavo-hdmi-da-15-metri-4k-3d\/#breadcrumb","itemListElement":[{"@type":"ListItem","position":1,"name":"Home","item":"https:\/\/doctorquality.it\/staging\/"},{"@type":"ListItem","position":2,"name":"Shop","item":"https:\/\/doctorquality.it\/staging\/shop\/"},{"@type":"ListItem","position":3,"name":"Cavo HDMI da 1,5 metri 4k 3d"}]},{"@type":"WebSite","@id":"https:\/\/doctorquality.it\/staging\/#website","url":"https:\/\/doctorquality.it\/staging\/","name":"Doctor Quality - Staging","description":"I migliori Integratori e Medicinali al miglior prezzo online.","publisher":{"@id":"https:\/\/doctorquality.it\/staging\/#organization"},"potentialAction":[{"@type":"SearchAction","target":{"@type":"EntryPoint","urlTemplate":"https:\/\/doctorquality.it\/staging\/?s={search_term_string}"},"query-input":{"@type":"PropertyValueSpecification","valueRequired":true,"valueName":"search_term_string"}}],"inLanguage":"it-IT"},{"@type":"Organization","@id":"https:\/\/doctorquality.it\/staging\/#organization","name":"Doctor Quality - Staging","url":"https:\/\/doctorquality.it\/staging\/","logo":{"@type":"ImageObject","inLanguage":"it-IT","@id":"https:\/\/doctorquality.it\/staging\/#\/schema\/logo\/image\/","url":"https:\/\/doctorquality.it\/staging\/wp-content\/uploads\/2022\/04\/Doctor-Quality-Logo-1.png","contentUrl":"https:\/\/doctorquality.it\/staging\/wp-content\/uploads\/2022\/04\/Doctor-Quality-Logo-1.png","width":1000,"height":200,"caption":"Doctor Quality - Staging"},"image":{"@id":"https:\/\/doctorquality.it\/staging\/#\/schema\/logo\/image\/"}}]}},"tiered_pricing_type":"fixed","tiered_pricing_fixed_rules":[],"tiered_pricing_product_settings":{"layout":"default","base_unit_name":{"singular":null,"plural":null},"default_variation":null},"tiered_pricing_minimum_quantity":null,"tiered_pricing_roles_data":[],"tiered_pricing_percentage_rules":[],"_links":{"self":[{"href":"https:\/\/doctorquality.it\/staging\/wp-json\/wp\/v2\/product\/37550","targetHints":{"allow":["GET"]}}],"collection":[{"href":"https:\/\/doctorquality.it\/staging\/wp-json\/wp\/v2\/product"}],"about":[{"href":"https:\/\/doctorquality.it\/staging\/wp-json\/wp\/v2\/types\/product"}],"replies":[{"embeddable":true,"href":"https:\/\/doctorquality.it\/staging\/wp-json\/wp\/v2\/comments?post=37550"}],"wp:featuredmedia":[{"embeddable":true,"href":"https:\/\/doctorquality.it\/staging\/wp-json\/wp\/v2\/media\/37547"}],"wp:attachment":[{"href":"https:\/\/doctorquality.it\/staging\/wp-json\/wp\/v2\/media?parent=37550"}],"wp:term":[{"taxonomy":"product_cat","embeddable":true,"href":"https:\/\/doctorquality.it\/staging\/wp-json\/wp\/v2\/product_cat?post=37550"},{"taxonomy":"product_tag","embeddable":true,"href":"https:\/\/doctorquality.it\/staging\/wp-json\/wp\/v2\/product_tag?post=37550"}],"curies":[{"name":"wp","href":"https:\/\/api.w.org\/{rel}","templated":true}]}}