{"id":34039,"date":"2025-12-04T12:39:13","date_gmt":"2025-12-04T11:39:13","guid":{"rendered":"https:\/\/doctorquality.it\/staging\/prodotto\/salvadanaio-digitale-contatore-automatico-per-monete\/"},"modified":"2026-04-27T11:54:45","modified_gmt":"2026-04-27T09:54:45","slug":"salvadanaio-digitale-contatore-automatico-per-monete","status":"publish","type":"product","link":"https:\/\/doctorquality.it\/staging\/prodotto\/salvadanaio-digitale-contatore-automatico-per-monete\/","title":{"rendered":"Salvadanaio digitale contatore automatico per monete"},"content":{"rendered":"<p>Questo salvadanaio contamonete trasparente ha un display LCD che consente di calcolare il numero di monete. Calcola precisamente i vostri soldi e indica la quantit\u00e0 totale di ciascun deposito.Basta far scorrere la vostra moneta e il Digital coin counter far\u00e0 il lavoro per voi. \u00c8 progettato per accettare tutte le monete in circolazione dell&#8217; Euro.<br \/>Con una capacit\u00e0 massima di litri, \u00e8 possibile memorizzare 800 &#8211; 1000 monete. Facile da ruotare, rimuovere la copertura per una maggiore comodit\u00e0.<br \/>Le due piccole scanalature sul serbatoio rendono pi\u00f9 facile da tenere in mano.esso include anche un tasto +\/-sul coperchio per consentire manuale.<br \/>Realizzato in ABS, \u00e8 pi\u00f9 difficile da rompere rispetto a quelle di vetro\/ceramica portavalori.<br \/>L&#8217; ampia bottleneck permette di rimuovere facilmente la moneta.<br \/>Alimentato da 2 batterie AAA (non incluse). Divertente modo per risparmiare denaro e conservare tutti i cambiamenti, un regalo perfetto, risparmiare soldi in tasca per i bambini.<br \/>Specifica:<br \/>Tipo: salvadanaio<br \/>Materiale: ABS, PC<br \/>Colore: scatola trasparente corpo<br \/>Stile: sterlina, dollaro, euro<br \/>Batteria: 2 * Batterie AA (non incluse)<br \/>Capienza: 2 &#8211; 2.5L<br \/>Bottiglia Diametro: 6.5 cm\/2.56in<br \/>Dimensioni: circa 11.5*11.5*20.5 cm\/4.53 * 4.53 * 8.07in<br \/>Peso netto: circa 0.16 kg<br \/>Singolo formato del pacchetto: circa 12*12*21.5 cm\/4.72 * 4.72 * 8.46in<br \/>Peso: circa 0.23 kg<br \/>Nota:<br \/>Il modo corretto di inserimento per monete: tenere la moneta con le dita e lentamente inserirla nello slot e non farlo troppo velocemente.<br \/>La confezione contiene:<br \/>1 * salvadanaio<br \/>1 * Scatola di imballaggio<\/p>\n","protected":false},"excerpt":{"rendered":"<p>Questo salvadanaio contamonete trasparente ha un display LCD che consente di calcolare il numero di monete. Calcola precisamente i vostri soldi e indica la quantit\u00e0 totale di ciascun deposito.Basta far scorrere la vostra moneta e il Digital coin counter far\u00e0 il lavoro per voi. \u00c8 progettato per accettare tutte le monete in circolazione dell&#8217; Euro.Con [&hellip;]<\/p>\n","protected":false},"featured_media":34032,"comment_status":"open","ping_status":"closed","template":"","meta":{"_acf_changed":false},"product_cat":[47],"product_tag":[],"class_list":{"0":"post-34039","1":"product","2":"type-product","3":"status-publish","4":"has-post-thumbnail","6":"product_cat-varie","8":"first","9":"instock","10":"taxable","11":"shipping-taxable","12":"purchasable","13":"product-type-simple"},"supplier_id":null,"supplier_sku":"","barcode":null,"atum_controlled":false,"out_stock_date":null,"out_stock_threshold":null,"inheritable":false,"inbound_stock":null,"stock_on_hold":0,"sold_today":0,"sales_last_days":0,"reserved_stock":null,"customer_returns":null,"warehouse_damage":null,"lost_in_post":null,"other_logs":null,"out_stock_days":0,"lost_sales":0,"has_location":null,"update_date":"2026-04-27T09:54:53","atum_locations":[],"atum_stock_status":"instock","restock_status":false,"low_stock_amount":"","sales_update_date":"2026-04-27T01:13:31","calc_backorders":null,"acf":[],"yoast_head":"<!-- This site is optimized with the Yoast SEO plugin v27.4 - https:\/\/yoast.com\/product\/yoast-seo-wordpress\/ -->\n<title>Salvadanaio digitale contatore automatico per monete - Doctor Quality - Staging<\/title>\n<meta name=\"robots\" content=\"noindex, follow, max-snippet:-1, max-image-preview:large, max-video-preview:-1\" \/>\n<meta property=\"og:locale\" content=\"it_IT\" \/>\n<meta property=\"og:type\" content=\"article\" \/>\n<meta property=\"og:title\" content=\"Salvadanaio digitale contatore automatico per monete - Doctor Quality - Staging\" \/>\n<meta property=\"og:description\" content=\"Questo salvadanaio contamonete trasparente ha un display LCD che consente di calcolare il numero di monete. Calcola precisamente i vostri soldi e indica la quantit\u00e0 totale di ciascun deposito.Basta far scorrere la vostra moneta e il Digital coin counter far\u00e0 il lavoro per voi. \u00c8 progettato per accettare tutte le monete in circolazione dell&#8217; Euro.Con [&hellip;]\" \/>\n<meta property=\"og:url\" content=\"https:\/\/doctorquality.it\/staging\/prodotto\/salvadanaio-digitale-contatore-automatico-per-monete\/\" \/>\n<meta property=\"og:site_name\" content=\"Doctor Quality - Staging\" \/>\n<meta property=\"article:modified_time\" content=\"2026-04-27T09:54:45+00:00\" \/>\n<meta property=\"og:image\" content=\"https:\/\/doctorquality.it\/staging\/wp-content\/uploads\/2025\/12\/s-l1600_3__6_1.jpg\" \/>\n\t<meta property=\"og:image:width\" content=\"1200\" \/>\n\t<meta property=\"og:image:height\" content=\"1200\" \/>\n\t<meta property=\"og:image:type\" content=\"image\/jpeg\" \/>\n<meta name=\"twitter:card\" content=\"summary_large_image\" \/>\n<meta name=\"twitter:label1\" content=\"Tempo di lettura stimato\" \/>\n\t<meta name=\"twitter:data1\" content=\"1 minuto\" \/>\n<script type=\"application\/ld+json\" class=\"yoast-schema-graph\">{\"@context\":\"https:\\\/\\\/schema.org\",\"@graph\":[{\"@type\":\"WebPage\",\"@id\":\"https:\\\/\\\/doctorquality.it\\\/staging\\\/prodotto\\\/salvadanaio-digitale-contatore-automatico-per-monete\\\/\",\"url\":\"https:\\\/\\\/doctorquality.it\\\/staging\\\/prodotto\\\/salvadanaio-digitale-contatore-automatico-per-monete\\\/\",\"name\":\"Salvadanaio digitale contatore automatico per monete - Doctor Quality - Staging\",\"isPartOf\":{\"@id\":\"https:\\\/\\\/doctorquality.it\\\/staging\\\/#website\"},\"primaryImageOfPage\":{\"@id\":\"https:\\\/\\\/doctorquality.it\\\/staging\\\/prodotto\\\/salvadanaio-digitale-contatore-automatico-per-monete\\\/#primaryimage\"},\"image\":{\"@id\":\"https:\\\/\\\/doctorquality.it\\\/staging\\\/prodotto\\\/salvadanaio-digitale-contatore-automatico-per-monete\\\/#primaryimage\"},\"thumbnailUrl\":\"https:\\\/\\\/doctorquality.it\\\/staging\\\/wp-content\\\/uploads\\\/2025\\\/12\\\/s-l1600_3__6_1.jpg\",\"datePublished\":\"2025-12-04T11:39:13+00:00\",\"dateModified\":\"2026-04-27T09:54:45+00:00\",\"breadcrumb\":{\"@id\":\"https:\\\/\\\/doctorquality.it\\\/staging\\\/prodotto\\\/salvadanaio-digitale-contatore-automatico-per-monete\\\/#breadcrumb\"},\"inLanguage\":\"it-IT\",\"potentialAction\":[{\"@type\":\"ReadAction\",\"target\":[\"https:\\\/\\\/doctorquality.it\\\/staging\\\/prodotto\\\/salvadanaio-digitale-contatore-automatico-per-monete\\\/\"]}]},{\"@type\":\"ImageObject\",\"inLanguage\":\"it-IT\",\"@id\":\"https:\\\/\\\/doctorquality.it\\\/staging\\\/prodotto\\\/salvadanaio-digitale-contatore-automatico-per-monete\\\/#primaryimage\",\"url\":\"https:\\\/\\\/doctorquality.it\\\/staging\\\/wp-content\\\/uploads\\\/2025\\\/12\\\/s-l1600_3__6_1.jpg\",\"contentUrl\":\"https:\\\/\\\/doctorquality.it\\\/staging\\\/wp-content\\\/uploads\\\/2025\\\/12\\\/s-l1600_3__6_1.jpg\",\"width\":1200,\"height\":1200},{\"@type\":\"BreadcrumbList\",\"@id\":\"https:\\\/\\\/doctorquality.it\\\/staging\\\/prodotto\\\/salvadanaio-digitale-contatore-automatico-per-monete\\\/#breadcrumb\",\"itemListElement\":[{\"@type\":\"ListItem\",\"position\":1,\"name\":\"Home\",\"item\":\"https:\\\/\\\/doctorquality.it\\\/staging\\\/\"},{\"@type\":\"ListItem\",\"position\":2,\"name\":\"Shop\",\"item\":\"https:\\\/\\\/doctorquality.it\\\/staging\\\/shop\\\/\"},{\"@type\":\"ListItem\",\"position\":3,\"name\":\"Salvadanaio digitale contatore automatico per monete\"}]},{\"@type\":\"WebSite\",\"@id\":\"https:\\\/\\\/doctorquality.it\\\/staging\\\/#website\",\"url\":\"https:\\\/\\\/doctorquality.it\\\/staging\\\/\",\"name\":\"Doctor Quality - Staging\",\"description\":\"I migliori Integratori e Medicinali al miglior prezzo online.\",\"publisher\":{\"@id\":\"https:\\\/\\\/doctorquality.it\\\/staging\\\/#organization\"},\"potentialAction\":[{\"@type\":\"SearchAction\",\"target\":{\"@type\":\"EntryPoint\",\"urlTemplate\":\"https:\\\/\\\/doctorquality.it\\\/staging\\\/?s={search_term_string}\"},\"query-input\":{\"@type\":\"PropertyValueSpecification\",\"valueRequired\":true,\"valueName\":\"search_term_string\"}}],\"inLanguage\":\"it-IT\"},{\"@type\":\"Organization\",\"@id\":\"https:\\\/\\\/doctorquality.it\\\/staging\\\/#organization\",\"name\":\"Doctor Quality - Staging\",\"url\":\"https:\\\/\\\/doctorquality.it\\\/staging\\\/\",\"logo\":{\"@type\":\"ImageObject\",\"inLanguage\":\"it-IT\",\"@id\":\"https:\\\/\\\/doctorquality.it\\\/staging\\\/#\\\/schema\\\/logo\\\/image\\\/\",\"url\":\"https:\\\/\\\/doctorquality.it\\\/staging\\\/wp-content\\\/uploads\\\/2022\\\/04\\\/Doctor-Quality-Logo-1.png\",\"contentUrl\":\"https:\\\/\\\/doctorquality.it\\\/staging\\\/wp-content\\\/uploads\\\/2022\\\/04\\\/Doctor-Quality-Logo-1.png\",\"width\":1000,\"height\":200,\"caption\":\"Doctor Quality - Staging\"},\"image\":{\"@id\":\"https:\\\/\\\/doctorquality.it\\\/staging\\\/#\\\/schema\\\/logo\\\/image\\\/\"}}]}<\/script>\n<!-- \/ Yoast SEO plugin. -->","yoast_head_json":{"title":"Salvadanaio digitale contatore automatico per monete - Doctor Quality - Staging","robots":{"index":"noindex","follow":"follow","max-snippet":"max-snippet:-1","max-image-preview":"max-image-preview:large","max-video-preview":"max-video-preview:-1"},"og_locale":"it_IT","og_type":"article","og_title":"Salvadanaio digitale contatore automatico per monete - Doctor Quality - Staging","og_description":"Questo salvadanaio contamonete trasparente ha un display LCD che consente di calcolare il numero di monete. Calcola precisamente i vostri soldi e indica la quantit\u00e0 totale di ciascun deposito.Basta far scorrere la vostra moneta e il Digital coin counter far\u00e0 il lavoro per voi. \u00c8 progettato per accettare tutte le monete in circolazione dell&#8217; Euro.Con [&hellip;]","og_url":"https:\/\/doctorquality.it\/staging\/prodotto\/salvadanaio-digitale-contatore-automatico-per-monete\/","og_site_name":"Doctor Quality - Staging","article_modified_time":"2026-04-27T09:54:45+00:00","og_image":[{"width":1200,"height":1200,"url":"https:\/\/doctorquality.it\/staging\/wp-content\/uploads\/2025\/12\/s-l1600_3__6_1.jpg","type":"image\/jpeg"}],"twitter_card":"summary_large_image","twitter_misc":{"Tempo di lettura stimato":"1 minuto"},"schema":{"@context":"https:\/\/schema.org","@graph":[{"@type":"WebPage","@id":"https:\/\/doctorquality.it\/staging\/prodotto\/salvadanaio-digitale-contatore-automatico-per-monete\/","url":"https:\/\/doctorquality.it\/staging\/prodotto\/salvadanaio-digitale-contatore-automatico-per-monete\/","name":"Salvadanaio digitale contatore automatico per monete - Doctor Quality - Staging","isPartOf":{"@id":"https:\/\/doctorquality.it\/staging\/#website"},"primaryImageOfPage":{"@id":"https:\/\/doctorquality.it\/staging\/prodotto\/salvadanaio-digitale-contatore-automatico-per-monete\/#primaryimage"},"image":{"@id":"https:\/\/doctorquality.it\/staging\/prodotto\/salvadanaio-digitale-contatore-automatico-per-monete\/#primaryimage"},"thumbnailUrl":"https:\/\/doctorquality.it\/staging\/wp-content\/uploads\/2025\/12\/s-l1600_3__6_1.jpg","datePublished":"2025-12-04T11:39:13+00:00","dateModified":"2026-04-27T09:54:45+00:00","breadcrumb":{"@id":"https:\/\/doctorquality.it\/staging\/prodotto\/salvadanaio-digitale-contatore-automatico-per-monete\/#breadcrumb"},"inLanguage":"it-IT","potentialAction":[{"@type":"ReadAction","target":["https:\/\/doctorquality.it\/staging\/prodotto\/salvadanaio-digitale-contatore-automatico-per-monete\/"]}]},{"@type":"ImageObject","inLanguage":"it-IT","@id":"https:\/\/doctorquality.it\/staging\/prodotto\/salvadanaio-digitale-contatore-automatico-per-monete\/#primaryimage","url":"https:\/\/doctorquality.it\/staging\/wp-content\/uploads\/2025\/12\/s-l1600_3__6_1.jpg","contentUrl":"https:\/\/doctorquality.it\/staging\/wp-content\/uploads\/2025\/12\/s-l1600_3__6_1.jpg","width":1200,"height":1200},{"@type":"BreadcrumbList","@id":"https:\/\/doctorquality.it\/staging\/prodotto\/salvadanaio-digitale-contatore-automatico-per-monete\/#breadcrumb","itemListElement":[{"@type":"ListItem","position":1,"name":"Home","item":"https:\/\/doctorquality.it\/staging\/"},{"@type":"ListItem","position":2,"name":"Shop","item":"https:\/\/doctorquality.it\/staging\/shop\/"},{"@type":"ListItem","position":3,"name":"Salvadanaio digitale contatore automatico per monete"}]},{"@type":"WebSite","@id":"https:\/\/doctorquality.it\/staging\/#website","url":"https:\/\/doctorquality.it\/staging\/","name":"Doctor Quality - Staging","description":"I migliori Integratori e Medicinali al miglior prezzo online.","publisher":{"@id":"https:\/\/doctorquality.it\/staging\/#organization"},"potentialAction":[{"@type":"SearchAction","target":{"@type":"EntryPoint","urlTemplate":"https:\/\/doctorquality.it\/staging\/?s={search_term_string}"},"query-input":{"@type":"PropertyValueSpecification","valueRequired":true,"valueName":"search_term_string"}}],"inLanguage":"it-IT"},{"@type":"Organization","@id":"https:\/\/doctorquality.it\/staging\/#organization","name":"Doctor Quality - Staging","url":"https:\/\/doctorquality.it\/staging\/","logo":{"@type":"ImageObject","inLanguage":"it-IT","@id":"https:\/\/doctorquality.it\/staging\/#\/schema\/logo\/image\/","url":"https:\/\/doctorquality.it\/staging\/wp-content\/uploads\/2022\/04\/Doctor-Quality-Logo-1.png","contentUrl":"https:\/\/doctorquality.it\/staging\/wp-content\/uploads\/2022\/04\/Doctor-Quality-Logo-1.png","width":1000,"height":200,"caption":"Doctor Quality - Staging"},"image":{"@id":"https:\/\/doctorquality.it\/staging\/#\/schema\/logo\/image\/"}}]}},"tiered_pricing_type":"fixed","tiered_pricing_fixed_rules":[],"tiered_pricing_product_settings":{"layout":"default","base_unit_name":{"singular":null,"plural":null},"default_variation":null},"tiered_pricing_minimum_quantity":null,"tiered_pricing_roles_data":[],"tiered_pricing_percentage_rules":[],"_links":{"self":[{"href":"https:\/\/doctorquality.it\/staging\/wp-json\/wp\/v2\/product\/34039","targetHints":{"allow":["GET"]}}],"collection":[{"href":"https:\/\/doctorquality.it\/staging\/wp-json\/wp\/v2\/product"}],"about":[{"href":"https:\/\/doctorquality.it\/staging\/wp-json\/wp\/v2\/types\/product"}],"replies":[{"embeddable":true,"href":"https:\/\/doctorquality.it\/staging\/wp-json\/wp\/v2\/comments?post=34039"}],"wp:featuredmedia":[{"embeddable":true,"href":"https:\/\/doctorquality.it\/staging\/wp-json\/wp\/v2\/media\/34032"}],"wp:attachment":[{"href":"https:\/\/doctorquality.it\/staging\/wp-json\/wp\/v2\/media?parent=34039"}],"wp:term":[{"taxonomy":"product_cat","embeddable":true,"href":"https:\/\/doctorquality.it\/staging\/wp-json\/wp\/v2\/product_cat?post=34039"},{"taxonomy":"product_tag","embeddable":true,"href":"https:\/\/doctorquality.it\/staging\/wp-json\/wp\/v2\/product_tag?post=34039"}],"curies":[{"name":"wp","href":"https:\/\/api.w.org\/{rel}","templated":true}]}}