{"id":33006,"date":"2025-10-22T15:54:27","date_gmt":"2025-10-22T13:54:27","guid":{"rendered":"https:\/\/doctorquality.it\/staging\/prodotto\/bollitore-elettrico-da-23-l\/"},"modified":"2026-04-27T11:43:32","modified_gmt":"2026-04-27T09:43:32","slug":"bollitore-elettrico-da-23-l","status":"publish","type":"product","link":"https:\/\/doctorquality.it\/staging\/prodotto\/bollitore-elettrico-da-23-l\/","title":{"rendered":"Bollitore Elettrico da 2,3 L"},"content":{"rendered":"<p data-start=\"116\" data-end=\"202\"><em>Bollitore elettrico per preparare bevande, bollire acqua per cucinare e molto altro!<\/em><\/p>\n<p data-start=\"204\" data-end=\"515\"><em>Un bollitore elettrico&nbsp; \u00e8 un dispositivo semplice e comodo che pu\u00f2 rendere la tua vita pi\u00f9 facile.<\/em><\/p>\n<p data-start=\"204\" data-end=\"515\"><br data-start=\"308\" data-end=\"311\"><em>Il bollitore dispone di un pratico termostato che protegge l\u2019apparecchio da improvvisi picchi di corrente.<\/em><\/p>\n<p data-start=\"204\" data-end=\"515\"><br data-start=\"417\" data-end=\"420\"><em>Se si accende un bollitore vuoto (senza acqua), si spegne automaticamente dopo pochi secondi.<\/em><\/p>\n<p data-start=\"204\" data-end=\"515\">&nbsp;<\/p>\n<p data-start=\"517\" data-end=\"539\"><strong data-start=\"517\" data-end=\"537\">Caratteristiche:<\/strong><\/p>\n<p>Capacit\u00e0: 2,3 L<\/p>\n<p data-start=\"577\" data-end=\"594\">Potenza: 1500 W<\/p>\n<p data-start=\"597\" data-end=\"632\">Materiali: acciaio inox, plastica<\/p>\n<p data-start=\"635\" data-end=\"657\">Classe energetica A+<\/p>\n<p data-start=\"660\" data-end=\"684\">Spegnimento automatico<\/p>\n<p data-start=\"660\" data-end=\"684\"><strong><em>il colore spedito \u00e8 a seconda della disponibilit\u00e0 del magazzino<\/em><\/strong><\/p>\n","protected":false},"excerpt":{"rendered":"<p>Bollitore elettrico per preparare bevande, bollire acqua per cucinare e molto altro! Un bollitore elettrico&nbsp; \u00e8 un dispositivo semplice e comodo che pu\u00f2 rendere la tua vita pi\u00f9 facile. Il bollitore dispone di un pratico termostato che protegge l\u2019apparecchio da improvvisi picchi di corrente. Se si accende un bollitore vuoto (senza acqua), si spegne automaticamente [&hellip;]<\/p>\n","protected":false},"featured_media":33898,"comment_status":"open","ping_status":"closed","template":"","meta":{"_acf_changed":false},"product_cat":[47],"product_tag":[],"class_list":{"0":"post-33006","1":"product","2":"type-product","3":"status-publish","4":"has-post-thumbnail","6":"product_cat-varie","8":"first","9":"instock","10":"taxable","11":"shipping-taxable","12":"purchasable","13":"product-type-simple"},"supplier_id":null,"supplier_sku":"","barcode":null,"atum_controlled":false,"out_stock_date":null,"out_stock_threshold":null,"inheritable":false,"inbound_stock":null,"stock_on_hold":0,"sold_today":0,"sales_last_days":0,"reserved_stock":null,"customer_returns":null,"warehouse_damage":null,"lost_in_post":null,"other_logs":null,"out_stock_days":0,"lost_sales":0,"has_location":null,"update_date":"2026-04-27T09:43:42","atum_locations":[],"atum_stock_status":"instock","restock_status":false,"low_stock_amount":"","sales_update_date":"2026-04-27T01:13:27","calc_backorders":null,"acf":[],"yoast_head":"<!-- This site is optimized with the Yoast SEO plugin v27.4 - https:\/\/yoast.com\/product\/yoast-seo-wordpress\/ -->\n<title>Bollitore Elettrico da 2,3 L - Doctor Quality - Staging<\/title>\n<meta name=\"robots\" content=\"noindex, follow, max-snippet:-1, max-image-preview:large, max-video-preview:-1\" \/>\n<meta property=\"og:locale\" content=\"it_IT\" \/>\n<meta property=\"og:type\" content=\"article\" \/>\n<meta property=\"og:title\" content=\"Bollitore Elettrico da 2,3 L - Doctor Quality - Staging\" \/>\n<meta property=\"og:description\" content=\"Bollitore elettrico per preparare bevande, bollire acqua per cucinare e molto altro! Un bollitore elettrico&nbsp; \u00e8 un dispositivo semplice e comodo che pu\u00f2 rendere la tua vita pi\u00f9 facile. Il bollitore dispone di un pratico termostato che protegge l\u2019apparecchio da improvvisi picchi di corrente. Se si accende un bollitore vuoto (senza acqua), si spegne automaticamente [&hellip;]\" \/>\n<meta property=\"og:url\" content=\"https:\/\/doctorquality.it\/staging\/prodotto\/bollitore-elettrico-da-23-l\/\" \/>\n<meta property=\"og:site_name\" content=\"Doctor Quality - Staging\" \/>\n<meta property=\"article:modified_time\" content=\"2026-04-27T09:43:32+00:00\" \/>\n<meta property=\"og:image\" content=\"https:\/\/doctorquality.it\/staging\/wp-content\/uploads\/2025\/12\/d1.png\" \/>\n\t<meta property=\"og:image:width\" content=\"615\" \/>\n\t<meta property=\"og:image:height\" content=\"610\" \/>\n\t<meta property=\"og:image:type\" content=\"image\/png\" \/>\n<meta name=\"twitter:card\" content=\"summary_large_image\" \/>\n<script type=\"application\/ld+json\" class=\"yoast-schema-graph\">{\"@context\":\"https:\\\/\\\/schema.org\",\"@graph\":[{\"@type\":\"WebPage\",\"@id\":\"https:\\\/\\\/doctorquality.it\\\/staging\\\/prodotto\\\/bollitore-elettrico-da-23-l\\\/\",\"url\":\"https:\\\/\\\/doctorquality.it\\\/staging\\\/prodotto\\\/bollitore-elettrico-da-23-l\\\/\",\"name\":\"Bollitore Elettrico da 2,3 L - Doctor Quality - Staging\",\"isPartOf\":{\"@id\":\"https:\\\/\\\/doctorquality.it\\\/staging\\\/#website\"},\"primaryImageOfPage\":{\"@id\":\"https:\\\/\\\/doctorquality.it\\\/staging\\\/prodotto\\\/bollitore-elettrico-da-23-l\\\/#primaryimage\"},\"image\":{\"@id\":\"https:\\\/\\\/doctorquality.it\\\/staging\\\/prodotto\\\/bollitore-elettrico-da-23-l\\\/#primaryimage\"},\"thumbnailUrl\":\"https:\\\/\\\/doctorquality.it\\\/staging\\\/wp-content\\\/uploads\\\/2025\\\/12\\\/d1.png\",\"datePublished\":\"2025-10-22T13:54:27+00:00\",\"dateModified\":\"2026-04-27T09:43:32+00:00\",\"breadcrumb\":{\"@id\":\"https:\\\/\\\/doctorquality.it\\\/staging\\\/prodotto\\\/bollitore-elettrico-da-23-l\\\/#breadcrumb\"},\"inLanguage\":\"it-IT\",\"potentialAction\":[{\"@type\":\"ReadAction\",\"target\":[\"https:\\\/\\\/doctorquality.it\\\/staging\\\/prodotto\\\/bollitore-elettrico-da-23-l\\\/\"]}]},{\"@type\":\"ImageObject\",\"inLanguage\":\"it-IT\",\"@id\":\"https:\\\/\\\/doctorquality.it\\\/staging\\\/prodotto\\\/bollitore-elettrico-da-23-l\\\/#primaryimage\",\"url\":\"https:\\\/\\\/doctorquality.it\\\/staging\\\/wp-content\\\/uploads\\\/2025\\\/12\\\/d1.png\",\"contentUrl\":\"https:\\\/\\\/doctorquality.it\\\/staging\\\/wp-content\\\/uploads\\\/2025\\\/12\\\/d1.png\",\"width\":615,\"height\":610},{\"@type\":\"BreadcrumbList\",\"@id\":\"https:\\\/\\\/doctorquality.it\\\/staging\\\/prodotto\\\/bollitore-elettrico-da-23-l\\\/#breadcrumb\",\"itemListElement\":[{\"@type\":\"ListItem\",\"position\":1,\"name\":\"Home\",\"item\":\"https:\\\/\\\/doctorquality.it\\\/staging\\\/\"},{\"@type\":\"ListItem\",\"position\":2,\"name\":\"Shop\",\"item\":\"https:\\\/\\\/doctorquality.it\\\/staging\\\/shop\\\/\"},{\"@type\":\"ListItem\",\"position\":3,\"name\":\"Bollitore Elettrico da 2,3 L\"}]},{\"@type\":\"WebSite\",\"@id\":\"https:\\\/\\\/doctorquality.it\\\/staging\\\/#website\",\"url\":\"https:\\\/\\\/doctorquality.it\\\/staging\\\/\",\"name\":\"Doctor Quality - Staging\",\"description\":\"I migliori Integratori e Medicinali al miglior prezzo online.\",\"publisher\":{\"@id\":\"https:\\\/\\\/doctorquality.it\\\/staging\\\/#organization\"},\"potentialAction\":[{\"@type\":\"SearchAction\",\"target\":{\"@type\":\"EntryPoint\",\"urlTemplate\":\"https:\\\/\\\/doctorquality.it\\\/staging\\\/?s={search_term_string}\"},\"query-input\":{\"@type\":\"PropertyValueSpecification\",\"valueRequired\":true,\"valueName\":\"search_term_string\"}}],\"inLanguage\":\"it-IT\"},{\"@type\":\"Organization\",\"@id\":\"https:\\\/\\\/doctorquality.it\\\/staging\\\/#organization\",\"name\":\"Doctor Quality - Staging\",\"url\":\"https:\\\/\\\/doctorquality.it\\\/staging\\\/\",\"logo\":{\"@type\":\"ImageObject\",\"inLanguage\":\"it-IT\",\"@id\":\"https:\\\/\\\/doctorquality.it\\\/staging\\\/#\\\/schema\\\/logo\\\/image\\\/\",\"url\":\"https:\\\/\\\/doctorquality.it\\\/staging\\\/wp-content\\\/uploads\\\/2022\\\/04\\\/Doctor-Quality-Logo-1.png\",\"contentUrl\":\"https:\\\/\\\/doctorquality.it\\\/staging\\\/wp-content\\\/uploads\\\/2022\\\/04\\\/Doctor-Quality-Logo-1.png\",\"width\":1000,\"height\":200,\"caption\":\"Doctor Quality - Staging\"},\"image\":{\"@id\":\"https:\\\/\\\/doctorquality.it\\\/staging\\\/#\\\/schema\\\/logo\\\/image\\\/\"}}]}<\/script>\n<!-- \/ Yoast SEO plugin. -->","yoast_head_json":{"title":"Bollitore Elettrico da 2,3 L - Doctor Quality - Staging","robots":{"index":"noindex","follow":"follow","max-snippet":"max-snippet:-1","max-image-preview":"max-image-preview:large","max-video-preview":"max-video-preview:-1"},"og_locale":"it_IT","og_type":"article","og_title":"Bollitore Elettrico da 2,3 L - Doctor Quality - Staging","og_description":"Bollitore elettrico per preparare bevande, bollire acqua per cucinare e molto altro! Un bollitore elettrico&nbsp; \u00e8 un dispositivo semplice e comodo che pu\u00f2 rendere la tua vita pi\u00f9 facile. Il bollitore dispone di un pratico termostato che protegge l\u2019apparecchio da improvvisi picchi di corrente. Se si accende un bollitore vuoto (senza acqua), si spegne automaticamente [&hellip;]","og_url":"https:\/\/doctorquality.it\/staging\/prodotto\/bollitore-elettrico-da-23-l\/","og_site_name":"Doctor Quality - Staging","article_modified_time":"2026-04-27T09:43:32+00:00","og_image":[{"width":615,"height":610,"url":"https:\/\/doctorquality.it\/staging\/wp-content\/uploads\/2025\/12\/d1.png","type":"image\/png"}],"twitter_card":"summary_large_image","schema":{"@context":"https:\/\/schema.org","@graph":[{"@type":"WebPage","@id":"https:\/\/doctorquality.it\/staging\/prodotto\/bollitore-elettrico-da-23-l\/","url":"https:\/\/doctorquality.it\/staging\/prodotto\/bollitore-elettrico-da-23-l\/","name":"Bollitore Elettrico da 2,3 L - Doctor Quality - Staging","isPartOf":{"@id":"https:\/\/doctorquality.it\/staging\/#website"},"primaryImageOfPage":{"@id":"https:\/\/doctorquality.it\/staging\/prodotto\/bollitore-elettrico-da-23-l\/#primaryimage"},"image":{"@id":"https:\/\/doctorquality.it\/staging\/prodotto\/bollitore-elettrico-da-23-l\/#primaryimage"},"thumbnailUrl":"https:\/\/doctorquality.it\/staging\/wp-content\/uploads\/2025\/12\/d1.png","datePublished":"2025-10-22T13:54:27+00:00","dateModified":"2026-04-27T09:43:32+00:00","breadcrumb":{"@id":"https:\/\/doctorquality.it\/staging\/prodotto\/bollitore-elettrico-da-23-l\/#breadcrumb"},"inLanguage":"it-IT","potentialAction":[{"@type":"ReadAction","target":["https:\/\/doctorquality.it\/staging\/prodotto\/bollitore-elettrico-da-23-l\/"]}]},{"@type":"ImageObject","inLanguage":"it-IT","@id":"https:\/\/doctorquality.it\/staging\/prodotto\/bollitore-elettrico-da-23-l\/#primaryimage","url":"https:\/\/doctorquality.it\/staging\/wp-content\/uploads\/2025\/12\/d1.png","contentUrl":"https:\/\/doctorquality.it\/staging\/wp-content\/uploads\/2025\/12\/d1.png","width":615,"height":610},{"@type":"BreadcrumbList","@id":"https:\/\/doctorquality.it\/staging\/prodotto\/bollitore-elettrico-da-23-l\/#breadcrumb","itemListElement":[{"@type":"ListItem","position":1,"name":"Home","item":"https:\/\/doctorquality.it\/staging\/"},{"@type":"ListItem","position":2,"name":"Shop","item":"https:\/\/doctorquality.it\/staging\/shop\/"},{"@type":"ListItem","position":3,"name":"Bollitore Elettrico da 2,3 L"}]},{"@type":"WebSite","@id":"https:\/\/doctorquality.it\/staging\/#website","url":"https:\/\/doctorquality.it\/staging\/","name":"Doctor Quality - Staging","description":"I migliori Integratori e Medicinali al miglior prezzo online.","publisher":{"@id":"https:\/\/doctorquality.it\/staging\/#organization"},"potentialAction":[{"@type":"SearchAction","target":{"@type":"EntryPoint","urlTemplate":"https:\/\/doctorquality.it\/staging\/?s={search_term_string}"},"query-input":{"@type":"PropertyValueSpecification","valueRequired":true,"valueName":"search_term_string"}}],"inLanguage":"it-IT"},{"@type":"Organization","@id":"https:\/\/doctorquality.it\/staging\/#organization","name":"Doctor Quality - Staging","url":"https:\/\/doctorquality.it\/staging\/","logo":{"@type":"ImageObject","inLanguage":"it-IT","@id":"https:\/\/doctorquality.it\/staging\/#\/schema\/logo\/image\/","url":"https:\/\/doctorquality.it\/staging\/wp-content\/uploads\/2022\/04\/Doctor-Quality-Logo-1.png","contentUrl":"https:\/\/doctorquality.it\/staging\/wp-content\/uploads\/2022\/04\/Doctor-Quality-Logo-1.png","width":1000,"height":200,"caption":"Doctor Quality - Staging"},"image":{"@id":"https:\/\/doctorquality.it\/staging\/#\/schema\/logo\/image\/"}}]}},"tiered_pricing_type":"fixed","tiered_pricing_fixed_rules":[],"tiered_pricing_product_settings":{"layout":"default","base_unit_name":{"singular":null,"plural":null},"default_variation":null},"tiered_pricing_minimum_quantity":null,"tiered_pricing_roles_data":[],"tiered_pricing_percentage_rules":[],"_links":{"self":[{"href":"https:\/\/doctorquality.it\/staging\/wp-json\/wp\/v2\/product\/33006","targetHints":{"allow":["GET"]}}],"collection":[{"href":"https:\/\/doctorquality.it\/staging\/wp-json\/wp\/v2\/product"}],"about":[{"href":"https:\/\/doctorquality.it\/staging\/wp-json\/wp\/v2\/types\/product"}],"replies":[{"embeddable":true,"href":"https:\/\/doctorquality.it\/staging\/wp-json\/wp\/v2\/comments?post=33006"}],"wp:featuredmedia":[{"embeddable":true,"href":"https:\/\/doctorquality.it\/staging\/wp-json\/wp\/v2\/media\/33898"}],"wp:attachment":[{"href":"https:\/\/doctorquality.it\/staging\/wp-json\/wp\/v2\/media?parent=33006"}],"wp:term":[{"taxonomy":"product_cat","embeddable":true,"href":"https:\/\/doctorquality.it\/staging\/wp-json\/wp\/v2\/product_cat?post=33006"},{"taxonomy":"product_tag","embeddable":true,"href":"https:\/\/doctorquality.it\/staging\/wp-json\/wp\/v2\/product_tag?post=33006"}],"curies":[{"name":"wp","href":"https:\/\/api.w.org\/{rel}","templated":true}]}}