{"id":32020,"date":"2025-10-01T15:54:06","date_gmt":"2025-10-01T13:54:06","guid":{"rendered":"https:\/\/doctorquality.it\/staging\/prodotto\/piastra-professionale-capelli-effetto-frise-da-45w\/"},"modified":"2026-04-27T11:08:07","modified_gmt":"2026-04-27T09:08:07","slug":"piastra-professionale-capelli-effetto-frise-da-45w","status":"publish","type":"product","link":"https:\/\/doctorquality.it\/staging\/prodotto\/piastra-professionale-capelli-effetto-frise-da-45w\/","title":{"rendered":"Piastra Professionale Capelli Effetto Fris\u00e9 Da 45w"},"content":{"rendered":"<div class=\"short-description\">\n<div class=\"std\">\n<p>Piastra Fris\u00e9e per un look urban! <br \/>Crea un effetto fris\u00e9e definito e voluminoso e dona una texture di lunga durata.<br \/>La piastra professionale effetto fris\u00e8 assicura un&#8217;acconciatura perfetta facile da realizzare. I capelli saranno sempre splendidamente acconciati, flessibili e luminosi. Questa piastra \u00e8 caratterizzata da un rivestimento di elevata qualit\u00e0.<\/p>\n<p>\u00a0<img fetchpriority=\"high\" decoding=\"async\" src=\"https:\/\/scontimania.com\/pub\/media\/tmp\/catalog\/product\/3\/4\/343443.jpg\" width=\"300\" height=\"300\" \/><\/p>\n<\/div>\n<\/div>\n<div>La piastra fris\u00e8 si differenzia dalle piastre per capelli lisci per conformazione delle piastre: questo strumento infatti, invece che essere caratterizzato da lastre piatte si distingue per le sue particolari placche termiche sagomate che sono in grado di creare un effetto ondulato sul capello.<\/div>\n<div><\/div>\n<div><img decoding=\"async\" src=\"https:\/\/scontimania.com\/pub\/media\/tmp\/catalog\/product\/1\/2\/121212122.jpg\" width=\"375\" height=\"250\" \/><\/div>\n<p>Capelli perfetti con la nuova piastra professionale con una maggiore lucentezza, una maggior durata della piega nel tempo e una maggiore resa del colore sia naturale che artificiale dei capelli. Questo prodotto viene fornito senza istruzioni, l\u2019 estetica ed il colore possono variare in base alla disponibilit\u00e0 di magazzino, le dimensioni sono circa 28,5 x 5 x 5 cm, il peso \u00e8 di circa 360 gr, la potenza \u00e8 di 45w, la temperatura massima \u00e8 di 220\u00b0 c, dispone di una massima flessibilit\u00e0 grazie all&#8217; utilizzo del selettore della temperatura 160\u00b0 c &#8211; 180\u00b0 c &#8211; 200\u00b0 c e 220\u00b0 c. La piastra si riscalda rapidamente alla temperatura impostata, riducendo il numero delle volte che il calore causa una acconciatura ridotta e i tempi per l&#8217; acconciatura dei capelli rispetto alle piastre tradizionali ed \u00e8 adatta a tutti i tipi di capelli.<\/p>\n","protected":false},"excerpt":{"rendered":"<p>Piastra Fris\u00e9e per un look urban! Crea un effetto fris\u00e9e definito e voluminoso e dona una texture di lunga durata.La piastra professionale effetto fris\u00e8 assicura un&#8217;acconciatura perfetta facile da realizzare. I capelli saranno sempre splendidamente acconciati, flessibili e luminosi. Questa piastra \u00e8 caratterizzata da un rivestimento di elevata qualit\u00e0. \u00a0 La piastra fris\u00e8 si differenzia [&hellip;]<\/p>\n","protected":false},"featured_media":32017,"comment_status":"open","ping_status":"closed","template":"","meta":{"_acf_changed":false},"product_cat":[47],"product_tag":[],"class_list":{"0":"post-32020","1":"product","2":"type-product","3":"status-publish","4":"has-post-thumbnail","6":"product_cat-varie","8":"first","9":"instock","10":"taxable","11":"shipping-taxable","12":"purchasable","13":"product-type-simple"},"supplier_id":null,"supplier_sku":"","barcode":null,"atum_controlled":false,"out_stock_date":null,"out_stock_threshold":null,"inheritable":false,"inbound_stock":null,"stock_on_hold":0,"sold_today":0,"sales_last_days":0,"reserved_stock":null,"customer_returns":null,"warehouse_damage":null,"lost_in_post":null,"other_logs":null,"out_stock_days":0,"lost_sales":0,"has_location":null,"update_date":"2026-04-27T09:08:13","atum_locations":[],"atum_stock_status":"instock","restock_status":false,"low_stock_amount":"","sales_update_date":"2026-04-27T01:16:40","calc_backorders":null,"acf":[],"yoast_head":"<!-- This site is optimized with the Yoast SEO plugin v27.4 - https:\/\/yoast.com\/product\/yoast-seo-wordpress\/ -->\n<title>Piastra Professionale Capelli Effetto Fris\u00e9 Da 45w - Doctor Quality - Staging<\/title>\n<meta name=\"robots\" content=\"noindex, follow, max-snippet:-1, max-image-preview:large, max-video-preview:-1\" \/>\n<meta property=\"og:locale\" content=\"it_IT\" \/>\n<meta property=\"og:type\" content=\"article\" \/>\n<meta property=\"og:title\" content=\"Piastra Professionale Capelli Effetto Fris\u00e9 Da 45w - Doctor Quality - Staging\" \/>\n<meta property=\"og:description\" content=\"Piastra Fris\u00e9e per un look urban! Crea un effetto fris\u00e9e definito e voluminoso e dona una texture di lunga durata.La piastra professionale effetto fris\u00e8 assicura un&#8217;acconciatura perfetta facile da realizzare. I capelli saranno sempre splendidamente acconciati, flessibili e luminosi. Questa piastra \u00e8 caratterizzata da un rivestimento di elevata qualit\u00e0. \u00a0 La piastra fris\u00e8 si differenzia [&hellip;]\" \/>\n<meta property=\"og:url\" content=\"https:\/\/doctorquality.it\/staging\/prodotto\/piastra-professionale-capelli-effetto-frise-da-45w\/\" \/>\n<meta property=\"og:site_name\" content=\"Doctor Quality - Staging\" \/>\n<meta property=\"article:modified_time\" content=\"2026-04-27T09:08:07+00:00\" \/>\n<meta property=\"og:image\" content=\"https:\/\/doctorquality.it\/staging\/wp-content\/uploads\/2025\/10\/1212_1.jpg\" \/>\n\t<meta property=\"og:image:width\" content=\"400\" \/>\n\t<meta property=\"og:image:height\" content=\"190\" \/>\n\t<meta property=\"og:image:type\" content=\"image\/jpeg\" \/>\n<meta name=\"twitter:card\" content=\"summary_large_image\" \/>\n<meta name=\"twitter:label1\" content=\"Tempo di lettura stimato\" \/>\n\t<meta name=\"twitter:data1\" content=\"1 minuto\" \/>\n<script type=\"application\/ld+json\" class=\"yoast-schema-graph\">{\"@context\":\"https:\\\/\\\/schema.org\",\"@graph\":[{\"@type\":\"WebPage\",\"@id\":\"https:\\\/\\\/doctorquality.it\\\/staging\\\/prodotto\\\/piastra-professionale-capelli-effetto-frise-da-45w\\\/\",\"url\":\"https:\\\/\\\/doctorquality.it\\\/staging\\\/prodotto\\\/piastra-professionale-capelli-effetto-frise-da-45w\\\/\",\"name\":\"Piastra Professionale Capelli Effetto Fris\u00e9 Da 45w - Doctor Quality - Staging\",\"isPartOf\":{\"@id\":\"https:\\\/\\\/doctorquality.it\\\/staging\\\/#website\"},\"primaryImageOfPage\":{\"@id\":\"https:\\\/\\\/doctorquality.it\\\/staging\\\/prodotto\\\/piastra-professionale-capelli-effetto-frise-da-45w\\\/#primaryimage\"},\"image\":{\"@id\":\"https:\\\/\\\/doctorquality.it\\\/staging\\\/prodotto\\\/piastra-professionale-capelli-effetto-frise-da-45w\\\/#primaryimage\"},\"thumbnailUrl\":\"https:\\\/\\\/doctorquality.it\\\/staging\\\/wp-content\\\/uploads\\\/2025\\\/10\\\/1212_1.jpg\",\"datePublished\":\"2025-10-01T13:54:06+00:00\",\"dateModified\":\"2026-04-27T09:08:07+00:00\",\"breadcrumb\":{\"@id\":\"https:\\\/\\\/doctorquality.it\\\/staging\\\/prodotto\\\/piastra-professionale-capelli-effetto-frise-da-45w\\\/#breadcrumb\"},\"inLanguage\":\"it-IT\",\"potentialAction\":[{\"@type\":\"ReadAction\",\"target\":[\"https:\\\/\\\/doctorquality.it\\\/staging\\\/prodotto\\\/piastra-professionale-capelli-effetto-frise-da-45w\\\/\"]}]},{\"@type\":\"ImageObject\",\"inLanguage\":\"it-IT\",\"@id\":\"https:\\\/\\\/doctorquality.it\\\/staging\\\/prodotto\\\/piastra-professionale-capelli-effetto-frise-da-45w\\\/#primaryimage\",\"url\":\"https:\\\/\\\/doctorquality.it\\\/staging\\\/wp-content\\\/uploads\\\/2025\\\/10\\\/1212_1.jpg\",\"contentUrl\":\"https:\\\/\\\/doctorquality.it\\\/staging\\\/wp-content\\\/uploads\\\/2025\\\/10\\\/1212_1.jpg\",\"width\":400,\"height\":190},{\"@type\":\"BreadcrumbList\",\"@id\":\"https:\\\/\\\/doctorquality.it\\\/staging\\\/prodotto\\\/piastra-professionale-capelli-effetto-frise-da-45w\\\/#breadcrumb\",\"itemListElement\":[{\"@type\":\"ListItem\",\"position\":1,\"name\":\"Home\",\"item\":\"https:\\\/\\\/doctorquality.it\\\/staging\\\/\"},{\"@type\":\"ListItem\",\"position\":2,\"name\":\"Shop\",\"item\":\"https:\\\/\\\/doctorquality.it\\\/staging\\\/shop\\\/\"},{\"@type\":\"ListItem\",\"position\":3,\"name\":\"Piastra Professionale Capelli Effetto Fris\u00e9 Da 45w\"}]},{\"@type\":\"WebSite\",\"@id\":\"https:\\\/\\\/doctorquality.it\\\/staging\\\/#website\",\"url\":\"https:\\\/\\\/doctorquality.it\\\/staging\\\/\",\"name\":\"Doctor Quality - Staging\",\"description\":\"I migliori Integratori e Medicinali al miglior prezzo online.\",\"publisher\":{\"@id\":\"https:\\\/\\\/doctorquality.it\\\/staging\\\/#organization\"},\"potentialAction\":[{\"@type\":\"SearchAction\",\"target\":{\"@type\":\"EntryPoint\",\"urlTemplate\":\"https:\\\/\\\/doctorquality.it\\\/staging\\\/?s={search_term_string}\"},\"query-input\":{\"@type\":\"PropertyValueSpecification\",\"valueRequired\":true,\"valueName\":\"search_term_string\"}}],\"inLanguage\":\"it-IT\"},{\"@type\":\"Organization\",\"@id\":\"https:\\\/\\\/doctorquality.it\\\/staging\\\/#organization\",\"name\":\"Doctor Quality - Staging\",\"url\":\"https:\\\/\\\/doctorquality.it\\\/staging\\\/\",\"logo\":{\"@type\":\"ImageObject\",\"inLanguage\":\"it-IT\",\"@id\":\"https:\\\/\\\/doctorquality.it\\\/staging\\\/#\\\/schema\\\/logo\\\/image\\\/\",\"url\":\"https:\\\/\\\/doctorquality.it\\\/staging\\\/wp-content\\\/uploads\\\/2022\\\/04\\\/Doctor-Quality-Logo-1.png\",\"contentUrl\":\"https:\\\/\\\/doctorquality.it\\\/staging\\\/wp-content\\\/uploads\\\/2022\\\/04\\\/Doctor-Quality-Logo-1.png\",\"width\":1000,\"height\":200,\"caption\":\"Doctor Quality - Staging\"},\"image\":{\"@id\":\"https:\\\/\\\/doctorquality.it\\\/staging\\\/#\\\/schema\\\/logo\\\/image\\\/\"}}]}<\/script>\n<!-- \/ Yoast SEO plugin. -->","yoast_head_json":{"title":"Piastra Professionale Capelli Effetto Fris\u00e9 Da 45w - Doctor Quality - Staging","robots":{"index":"noindex","follow":"follow","max-snippet":"max-snippet:-1","max-image-preview":"max-image-preview:large","max-video-preview":"max-video-preview:-1"},"og_locale":"it_IT","og_type":"article","og_title":"Piastra Professionale Capelli Effetto Fris\u00e9 Da 45w - Doctor Quality - Staging","og_description":"Piastra Fris\u00e9e per un look urban! Crea un effetto fris\u00e9e definito e voluminoso e dona una texture di lunga durata.La piastra professionale effetto fris\u00e8 assicura un&#8217;acconciatura perfetta facile da realizzare. I capelli saranno sempre splendidamente acconciati, flessibili e luminosi. Questa piastra \u00e8 caratterizzata da un rivestimento di elevata qualit\u00e0. \u00a0 La piastra fris\u00e8 si differenzia [&hellip;]","og_url":"https:\/\/doctorquality.it\/staging\/prodotto\/piastra-professionale-capelli-effetto-frise-da-45w\/","og_site_name":"Doctor Quality - Staging","article_modified_time":"2026-04-27T09:08:07+00:00","og_image":[{"width":400,"height":190,"url":"https:\/\/doctorquality.it\/staging\/wp-content\/uploads\/2025\/10\/1212_1.jpg","type":"image\/jpeg"}],"twitter_card":"summary_large_image","twitter_misc":{"Tempo di lettura stimato":"1 minuto"},"schema":{"@context":"https:\/\/schema.org","@graph":[{"@type":"WebPage","@id":"https:\/\/doctorquality.it\/staging\/prodotto\/piastra-professionale-capelli-effetto-frise-da-45w\/","url":"https:\/\/doctorquality.it\/staging\/prodotto\/piastra-professionale-capelli-effetto-frise-da-45w\/","name":"Piastra Professionale Capelli Effetto Fris\u00e9 Da 45w - Doctor Quality - Staging","isPartOf":{"@id":"https:\/\/doctorquality.it\/staging\/#website"},"primaryImageOfPage":{"@id":"https:\/\/doctorquality.it\/staging\/prodotto\/piastra-professionale-capelli-effetto-frise-da-45w\/#primaryimage"},"image":{"@id":"https:\/\/doctorquality.it\/staging\/prodotto\/piastra-professionale-capelli-effetto-frise-da-45w\/#primaryimage"},"thumbnailUrl":"https:\/\/doctorquality.it\/staging\/wp-content\/uploads\/2025\/10\/1212_1.jpg","datePublished":"2025-10-01T13:54:06+00:00","dateModified":"2026-04-27T09:08:07+00:00","breadcrumb":{"@id":"https:\/\/doctorquality.it\/staging\/prodotto\/piastra-professionale-capelli-effetto-frise-da-45w\/#breadcrumb"},"inLanguage":"it-IT","potentialAction":[{"@type":"ReadAction","target":["https:\/\/doctorquality.it\/staging\/prodotto\/piastra-professionale-capelli-effetto-frise-da-45w\/"]}]},{"@type":"ImageObject","inLanguage":"it-IT","@id":"https:\/\/doctorquality.it\/staging\/prodotto\/piastra-professionale-capelli-effetto-frise-da-45w\/#primaryimage","url":"https:\/\/doctorquality.it\/staging\/wp-content\/uploads\/2025\/10\/1212_1.jpg","contentUrl":"https:\/\/doctorquality.it\/staging\/wp-content\/uploads\/2025\/10\/1212_1.jpg","width":400,"height":190},{"@type":"BreadcrumbList","@id":"https:\/\/doctorquality.it\/staging\/prodotto\/piastra-professionale-capelli-effetto-frise-da-45w\/#breadcrumb","itemListElement":[{"@type":"ListItem","position":1,"name":"Home","item":"https:\/\/doctorquality.it\/staging\/"},{"@type":"ListItem","position":2,"name":"Shop","item":"https:\/\/doctorquality.it\/staging\/shop\/"},{"@type":"ListItem","position":3,"name":"Piastra Professionale Capelli Effetto Fris\u00e9 Da 45w"}]},{"@type":"WebSite","@id":"https:\/\/doctorquality.it\/staging\/#website","url":"https:\/\/doctorquality.it\/staging\/","name":"Doctor Quality - Staging","description":"I migliori Integratori e Medicinali al miglior prezzo online.","publisher":{"@id":"https:\/\/doctorquality.it\/staging\/#organization"},"potentialAction":[{"@type":"SearchAction","target":{"@type":"EntryPoint","urlTemplate":"https:\/\/doctorquality.it\/staging\/?s={search_term_string}"},"query-input":{"@type":"PropertyValueSpecification","valueRequired":true,"valueName":"search_term_string"}}],"inLanguage":"it-IT"},{"@type":"Organization","@id":"https:\/\/doctorquality.it\/staging\/#organization","name":"Doctor Quality - Staging","url":"https:\/\/doctorquality.it\/staging\/","logo":{"@type":"ImageObject","inLanguage":"it-IT","@id":"https:\/\/doctorquality.it\/staging\/#\/schema\/logo\/image\/","url":"https:\/\/doctorquality.it\/staging\/wp-content\/uploads\/2022\/04\/Doctor-Quality-Logo-1.png","contentUrl":"https:\/\/doctorquality.it\/staging\/wp-content\/uploads\/2022\/04\/Doctor-Quality-Logo-1.png","width":1000,"height":200,"caption":"Doctor Quality - Staging"},"image":{"@id":"https:\/\/doctorquality.it\/staging\/#\/schema\/logo\/image\/"}}]}},"tiered_pricing_type":"fixed","tiered_pricing_fixed_rules":[],"tiered_pricing_product_settings":{"layout":"default","base_unit_name":{"singular":null,"plural":null},"default_variation":null},"tiered_pricing_minimum_quantity":null,"tiered_pricing_roles_data":[],"tiered_pricing_percentage_rules":[],"_links":{"self":[{"href":"https:\/\/doctorquality.it\/staging\/wp-json\/wp\/v2\/product\/32020","targetHints":{"allow":["GET"]}}],"collection":[{"href":"https:\/\/doctorquality.it\/staging\/wp-json\/wp\/v2\/product"}],"about":[{"href":"https:\/\/doctorquality.it\/staging\/wp-json\/wp\/v2\/types\/product"}],"replies":[{"embeddable":true,"href":"https:\/\/doctorquality.it\/staging\/wp-json\/wp\/v2\/comments?post=32020"}],"wp:featuredmedia":[{"embeddable":true,"href":"https:\/\/doctorquality.it\/staging\/wp-json\/wp\/v2\/media\/32017"}],"wp:attachment":[{"href":"https:\/\/doctorquality.it\/staging\/wp-json\/wp\/v2\/media?parent=32020"}],"wp:term":[{"taxonomy":"product_cat","embeddable":true,"href":"https:\/\/doctorquality.it\/staging\/wp-json\/wp\/v2\/product_cat?post=32020"},{"taxonomy":"product_tag","embeddable":true,"href":"https:\/\/doctorquality.it\/staging\/wp-json\/wp\/v2\/product_tag?post=32020"}],"curies":[{"name":"wp","href":"https:\/\/api.w.org\/{rel}","templated":true}]}}