{"id":30898,"date":"2025-09-27T15:29:55","date_gmt":"2025-09-27T13:29:55","guid":{"rendered":"https:\/\/doctorquality.it\/staging\/prodotto\/smartwatch-supporto-bluetooth-fitness-tracker-per-apple-e-android-a65\/"},"modified":"2026-01-05T14:57:55","modified_gmt":"2026-01-05T13:57:55","slug":"smartwatch-supporto-bluetooth-fitness-tracker-per-apple-e-android-a65","status":"publish","type":"product","link":"https:\/\/doctorquality.it\/staging\/prodotto\/smartwatch-supporto-bluetooth-fitness-tracker-per-apple-e-android-a65\/","title":{"rendered":"SmartWatch Supporto Bluetooth Fitness Tracker per Apple e Android A65"},"content":{"rendered":"<p><strong>In forma. In salute. In contatto.<\/strong><br \/>Tieni d\u2019occhio la tua salute. Misura i tuoi allenamenti. Trova la motivazione che ti serve per raggiungere i tuoi obiettivi di fitness. Resta in contatto con le persone a cui tieni e ricevi aggiornamenti su quello che ti interessa. Con K6 Watch puoi fare di tutto, direttamente dall\u2019orologio.<\/p>\n<p><strong>Il corpo sempre in mente.<\/strong><br \/>Il tuo cuore \u00e8 sempre sotto controllo: se la frequenza cardiaca risulta pi\u00f9 alta o pi\u00f9 bassa del normale, l\u2019orologio ti manda un avviso; e se \u00e8 il momento di chiamare i soccorsi, la funzione SOS emergenze \u00e8 pronta a darti una mano. K6 Watch pu\u00f2 anche rilevare eventuali irregolarit\u00e0 del battito, che potrebbero essere sintomo di fibrillazione atriale.4 L\u2019app Respirazione \u00e8 un valido aiuto per gestire lo stress quotidiano. E hai tante app per la salute fra cui scegliere: troverai di certo quelle pi\u00f9 adatte alle tue abitudini e ai tuoi obiettivi specifici.<\/p>\n<p>\u00a0<\/p>\n<p><strong>La libert\u00e0 chiama.<\/strong><br \/>Rispondi a una chiamata mentre sei fra le onde, chiedi a Siri di mandare un messaggio, ascolta la tua musica preferita in streaming quando corri, o usa SOS emergenze per chiedere aiuto, anche se hai lasciato a casa il telefono. Grazie alla connettivit\u00e0 cellulare integrata, se hai l\u2019orologio al polso, non ti serve altro.5<\/p>\n<p><strong>Caratteristiche<\/strong><\/p>\n<p>Sistema compatibile di telefono e versione BLE: AndroId 4.2 o successivo, IOS 9.0 o successivo, BT4.0<br \/>CPU: Hs6620D<br \/>Frequenza cardiaca: SC7R30<br \/>Colore: in base alla disponibilit\u00e0 del magazzino<br \/>RAM (memoria ad accesso casuale): 128kb<br \/>SFlash (memoria di sola lettura): 1M<br \/>Flash esterno: 64M<br \/>Accelerometro: 3 assi<br \/>Vibrazione: motore a cilindro<br \/>Bluetooth: antenna BT<br \/>Interfaccia caricabatterie: tipo di contatto<br \/>Pulsante: tocco completo<br \/>Android: 4.4 o pi\u00f9<br \/>Apple: 8,4 o pi\u00f9, Apple 5S o pi\u00f9<br \/>Nome APP: Wearfit2.0<\/p>\n<p>Display<br \/>Dimensioni del display: 1,3 pollici<br \/>Risoluzione: 240 * 240<br \/>Modulo touch: full touch<br \/>Tipo di assemblaggio: G + F full fit<br \/>Capacit\u00e0 della batteria 170 mAH<br \/>Materiale della macchina<br \/>Copertura superiore: vetro temperato 2.5D<br \/>Corpo: lega di zinco (placcatura sotto vuoto)<br \/>Fibbia: lega di zinco (placcatura sotto vuoto)<br \/>Cinturino: TPU<\/p>\n<p>Lingua di supporto Wearfit2.0<br \/>Android: inglese ceco tedesco spagnolo francese italiano giapponese coreano portoghese russo tailandese cinese semplificato cinese tradizionale<\/p>\n<p>Ios: inglese, cinese, cinese tradizionale, giapponese, coreano, spagnolo, tedesco, francese, portoghese, italiano, russo, polacco<\/p>\n<p>Linguaggio di supporto del braccialetto<br \/>Android: cinese semplificato, cinese tradizionale, inglese, francese, tedesco, giapponese, spagnolo, italiano, coreano, ceco, russo, portoghese,<\/p>\n<p>Ios: cinese semplificato, cinese tradizionale, inglese, francese, tedesco, giapponese, spagnolo, italiano, coreano, ceco, russo, portoghese,<\/p>\n<p>funzioni<br \/>Visualizzazione del tempo, Passo, Calorie, distanza, Modalit\u00e0 sport, Alza la mano per schiarire, Monitoraggio del sonno, Traccia di corsa, Chiamata in arrivo, Notifica messaggi, Promemoria sedentaria, Promemoria allarme, Scuoti una foto, Trova il braccialetto, Commutatore, Componi in inglese e cinese, misurazione integrale, movimento WeChat, frequenza cardiaca, pressione sanguigna, ossigeno nel sangue, salute della mela, salute settimanale, aggiornamento OTA.<\/p>\n<p>Altri<br \/>livello impermeabile: IP67<\/p>\n<p>Dimensioni e peso<br \/>Misura del cinturino: cinturino da 42 mm (solo per silicone)<br \/>Dimensioni del corpo: 42 * 36,4 * 9,5 mm<br \/>Peso: 36,5 g<\/p>\n<p><strong>Caratteristiche del prodotto<\/strong><\/p>\n<p>\u25cf Dati sportivi: le statistiche del volume giornaliero degli esercizi, cancellate ogni giorno alle 24, possono essere utilizzate per interrogare i dati storici nell&#8217;APP.<\/p>\n<p>\u25cf Sonno: statistiche il tempo di sonno giornaliero in base alla logica corrispondente e calcola la qualit\u00e0 del sonno, i dati storici sono disponibili nell&#8217;app.<\/p>\n<p>\u25cf Cardiofrequenzimetro: misura automaticamente la frequenza cardiaca quando la funzione passa alla frequenza cardiaca o pu\u00f2 premere il cardiofrequenzimetro in APP, i dati verranno salvati in APP.<\/p>\n<p>\u25cf Monitoraggio del sonno: registra automaticamente lo stato del sonno con l&#8217;analisi del sonno profondo e delle ore di sonno leggero, i dati salvati nell&#8217;app.<\/p>\n<p>\u25cf Ossigeno nel sangue: quando la funzione passa all&#8217;interfaccia dell&#8217;ossigeno nel sangue, il risultato della misurazione viene automaticamente avviato e trasmesso all&#8217;APP per la memorizzazione.<\/p>\n<p>\u25cf Promemoria messaggio. Apri la funzione in APP, il braccialetto vibrer\u00e0 quando il telefono arriva un nuovo messaggio (SMS, QQ, Facebook, Twitter, Whatsapp, WeChat.)<\/p>\n<p>\u25cf Promemoria chiamate. Apri la funzione in APP, il braccialetto vibrer\u00e0 quando arriva il telefono.<\/p>\n<p>\u25cf Promemoria sedentario. Apri la funzione in APP e imposta la durata del tempo, il braccialetto appassir\u00e0 vibrare<\/p>\n<p>\u25cf Promemoria per bere. Apri la funzione In APP e imposta la durata del tempo, il bracciale appassir\u00e0.<\/p>\n<p>\u25cf Anti-smarrimento: apri la funzione APP, il braccialetto vibrer\u00e0 quando il telefono viene portato via.<\/p>\n<p>\u25cf Scuoti il braccialetto per scattare una foto: apri la funzione in APP, quindi premi &#8220;Scuoti per scattare una foto&#8221;, entra nella fotocamera, scuoti il braccialetto per confermare. (Assicurati che l&#8217;impostazione del cellulare: consenti all&#8217;APP di scattare una foto e salvarla)<\/p>\n<p>\u25cf Trova braccialetto: premere la funzione in APP per vibrare il braccialetto.<\/p>\n<p>\u25cf Ripristina impostazioni di fabbrica: imposta l&#8217;ora del giorno precedente o del giorno successivo nell&#8217;APP mobile, i dati del braccialetto possono essere cancellati sincronizzandoli.<\/p>\n<p>Sport degli uomini\/donne Orologio Intelligente IP67 Impermeabile frequenza cardiaca pressione Sanguigna Smartwatch Supporto IOS Android PK B57<\/p>\n<p>Imballaggio Standard:<br \/>Braccialetto * 1<br \/>Cavo di ricarica * 1<br \/>Manuale * 1<\/p>\n<p>\u00a0<\/p>\n<p>COLORE INVIATO SECONDA DISPONIBILITA&#8217; MAGAZZINO<\/p>\n","protected":false},"excerpt":{"rendered":"<p>In forma. In salute. In contatto.Tieni d\u2019occhio la tua salute. Misura i tuoi allenamenti. Trova la motivazione che ti serve per raggiungere i tuoi obiettivi di fitness. Resta in contatto con le persone a cui tieni e ricevi aggiornamenti su quello che ti interessa. Con K6 Watch puoi fare di tutto, direttamente dall\u2019orologio. Il corpo [&hellip;]<\/p>\n","protected":false},"featured_media":30887,"comment_status":"open","ping_status":"closed","template":"","meta":{"_acf_changed":false},"product_cat":[47],"product_tag":[],"class_list":{"0":"post-30898","1":"product","2":"type-product","3":"status-publish","4":"has-post-thumbnail","6":"product_cat-varie","8":"first","9":"instock","10":"taxable","11":"shipping-taxable","12":"purchasable","13":"product-type-simple"},"supplier_id":null,"supplier_sku":"","barcode":null,"atum_controlled":false,"out_stock_date":null,"out_stock_threshold":null,"inheritable":false,"inbound_stock":null,"stock_on_hold":0,"sold_today":0,"sales_last_days":0,"reserved_stock":null,"customer_returns":null,"warehouse_damage":null,"lost_in_post":null,"other_logs":null,"out_stock_days":0,"lost_sales":0,"has_location":null,"update_date":"2026-04-27T01:14:38","atum_locations":[],"atum_stock_status":"instock","restock_status":false,"low_stock_amount":"","sales_update_date":"2026-04-27T01:14:38","calc_backorders":null,"acf":[],"yoast_head":"<!-- This site is optimized with the Yoast SEO plugin v27.4 - https:\/\/yoast.com\/product\/yoast-seo-wordpress\/ -->\n<title>SmartWatch Supporto Bluetooth Fitness Tracker per Apple e Android A65 - Doctor Quality - Staging<\/title>\n<meta name=\"robots\" content=\"noindex, follow, max-snippet:-1, max-image-preview:large, max-video-preview:-1\" \/>\n<meta property=\"og:locale\" content=\"it_IT\" \/>\n<meta property=\"og:type\" content=\"article\" \/>\n<meta property=\"og:title\" content=\"SmartWatch Supporto Bluetooth Fitness Tracker per Apple e Android A65 - Doctor Quality - Staging\" \/>\n<meta property=\"og:description\" content=\"In forma. In salute. In contatto.Tieni d\u2019occhio la tua salute. Misura i tuoi allenamenti. Trova la motivazione che ti serve per raggiungere i tuoi obiettivi di fitness. Resta in contatto con le persone a cui tieni e ricevi aggiornamenti su quello che ti interessa. Con K6 Watch puoi fare di tutto, direttamente dall\u2019orologio. Il corpo [&hellip;]\" \/>\n<meta property=\"og:url\" content=\"https:\/\/doctorquality.it\/staging\/prodotto\/smartwatch-supporto-bluetooth-fitness-tracker-per-apple-e-android-a65\/\" \/>\n<meta property=\"og:site_name\" content=\"Doctor Quality - Staging\" \/>\n<meta property=\"article:modified_time\" content=\"2026-01-05T13:57:55+00:00\" \/>\n<meta property=\"og:image\" content=\"https:\/\/doctorquality.it\/staging\/wp-content\/uploads\/2025\/09\/smart_watch_0_1.jpg\" \/>\n\t<meta property=\"og:image:width\" content=\"1000\" \/>\n\t<meta property=\"og:image:height\" content=\"1000\" \/>\n\t<meta property=\"og:image:type\" content=\"image\/jpeg\" \/>\n<meta name=\"twitter:card\" content=\"summary_large_image\" \/>\n<meta name=\"twitter:label1\" content=\"Tempo di lettura stimato\" \/>\n\t<meta name=\"twitter:data1\" content=\"4 minuti\" \/>\n<script type=\"application\/ld+json\" class=\"yoast-schema-graph\">{\"@context\":\"https:\\\/\\\/schema.org\",\"@graph\":[{\"@type\":\"WebPage\",\"@id\":\"https:\\\/\\\/doctorquality.it\\\/staging\\\/prodotto\\\/smartwatch-supporto-bluetooth-fitness-tracker-per-apple-e-android-a65\\\/\",\"url\":\"https:\\\/\\\/doctorquality.it\\\/staging\\\/prodotto\\\/smartwatch-supporto-bluetooth-fitness-tracker-per-apple-e-android-a65\\\/\",\"name\":\"SmartWatch Supporto Bluetooth Fitness Tracker per Apple e Android A65 - Doctor Quality - Staging\",\"isPartOf\":{\"@id\":\"https:\\\/\\\/doctorquality.it\\\/staging\\\/#website\"},\"primaryImageOfPage\":{\"@id\":\"https:\\\/\\\/doctorquality.it\\\/staging\\\/prodotto\\\/smartwatch-supporto-bluetooth-fitness-tracker-per-apple-e-android-a65\\\/#primaryimage\"},\"image\":{\"@id\":\"https:\\\/\\\/doctorquality.it\\\/staging\\\/prodotto\\\/smartwatch-supporto-bluetooth-fitness-tracker-per-apple-e-android-a65\\\/#primaryimage\"},\"thumbnailUrl\":\"https:\\\/\\\/doctorquality.it\\\/staging\\\/wp-content\\\/uploads\\\/2025\\\/09\\\/smart_watch_0_1.jpg\",\"datePublished\":\"2025-09-27T13:29:55+00:00\",\"dateModified\":\"2026-01-05T13:57:55+00:00\",\"breadcrumb\":{\"@id\":\"https:\\\/\\\/doctorquality.it\\\/staging\\\/prodotto\\\/smartwatch-supporto-bluetooth-fitness-tracker-per-apple-e-android-a65\\\/#breadcrumb\"},\"inLanguage\":\"it-IT\",\"potentialAction\":[{\"@type\":\"ReadAction\",\"target\":[\"https:\\\/\\\/doctorquality.it\\\/staging\\\/prodotto\\\/smartwatch-supporto-bluetooth-fitness-tracker-per-apple-e-android-a65\\\/\"]}]},{\"@type\":\"ImageObject\",\"inLanguage\":\"it-IT\",\"@id\":\"https:\\\/\\\/doctorquality.it\\\/staging\\\/prodotto\\\/smartwatch-supporto-bluetooth-fitness-tracker-per-apple-e-android-a65\\\/#primaryimage\",\"url\":\"https:\\\/\\\/doctorquality.it\\\/staging\\\/wp-content\\\/uploads\\\/2025\\\/09\\\/smart_watch_0_1.jpg\",\"contentUrl\":\"https:\\\/\\\/doctorquality.it\\\/staging\\\/wp-content\\\/uploads\\\/2025\\\/09\\\/smart_watch_0_1.jpg\",\"width\":1000,\"height\":1000},{\"@type\":\"BreadcrumbList\",\"@id\":\"https:\\\/\\\/doctorquality.it\\\/staging\\\/prodotto\\\/smartwatch-supporto-bluetooth-fitness-tracker-per-apple-e-android-a65\\\/#breadcrumb\",\"itemListElement\":[{\"@type\":\"ListItem\",\"position\":1,\"name\":\"Home\",\"item\":\"https:\\\/\\\/doctorquality.it\\\/staging\\\/\"},{\"@type\":\"ListItem\",\"position\":2,\"name\":\"Shop\",\"item\":\"https:\\\/\\\/doctorquality.it\\\/staging\\\/shop\\\/\"},{\"@type\":\"ListItem\",\"position\":3,\"name\":\"SmartWatch Supporto Bluetooth Fitness Tracker per Apple e Android A65\"}]},{\"@type\":\"WebSite\",\"@id\":\"https:\\\/\\\/doctorquality.it\\\/staging\\\/#website\",\"url\":\"https:\\\/\\\/doctorquality.it\\\/staging\\\/\",\"name\":\"Doctor Quality - Staging\",\"description\":\"I migliori Integratori e Medicinali al miglior prezzo online.\",\"publisher\":{\"@id\":\"https:\\\/\\\/doctorquality.it\\\/staging\\\/#organization\"},\"potentialAction\":[{\"@type\":\"SearchAction\",\"target\":{\"@type\":\"EntryPoint\",\"urlTemplate\":\"https:\\\/\\\/doctorquality.it\\\/staging\\\/?s={search_term_string}\"},\"query-input\":{\"@type\":\"PropertyValueSpecification\",\"valueRequired\":true,\"valueName\":\"search_term_string\"}}],\"inLanguage\":\"it-IT\"},{\"@type\":\"Organization\",\"@id\":\"https:\\\/\\\/doctorquality.it\\\/staging\\\/#organization\",\"name\":\"Doctor Quality - Staging\",\"url\":\"https:\\\/\\\/doctorquality.it\\\/staging\\\/\",\"logo\":{\"@type\":\"ImageObject\",\"inLanguage\":\"it-IT\",\"@id\":\"https:\\\/\\\/doctorquality.it\\\/staging\\\/#\\\/schema\\\/logo\\\/image\\\/\",\"url\":\"https:\\\/\\\/doctorquality.it\\\/staging\\\/wp-content\\\/uploads\\\/2022\\\/04\\\/Doctor-Quality-Logo-1.png\",\"contentUrl\":\"https:\\\/\\\/doctorquality.it\\\/staging\\\/wp-content\\\/uploads\\\/2022\\\/04\\\/Doctor-Quality-Logo-1.png\",\"width\":1000,\"height\":200,\"caption\":\"Doctor Quality - Staging\"},\"image\":{\"@id\":\"https:\\\/\\\/doctorquality.it\\\/staging\\\/#\\\/schema\\\/logo\\\/image\\\/\"}}]}<\/script>\n<!-- \/ Yoast SEO plugin. -->","yoast_head_json":{"title":"SmartWatch Supporto Bluetooth Fitness Tracker per Apple e Android A65 - Doctor Quality - Staging","robots":{"index":"noindex","follow":"follow","max-snippet":"max-snippet:-1","max-image-preview":"max-image-preview:large","max-video-preview":"max-video-preview:-1"},"og_locale":"it_IT","og_type":"article","og_title":"SmartWatch Supporto Bluetooth Fitness Tracker per Apple e Android A65 - Doctor Quality - Staging","og_description":"In forma. In salute. In contatto.Tieni d\u2019occhio la tua salute. Misura i tuoi allenamenti. Trova la motivazione che ti serve per raggiungere i tuoi obiettivi di fitness. Resta in contatto con le persone a cui tieni e ricevi aggiornamenti su quello che ti interessa. Con K6 Watch puoi fare di tutto, direttamente dall\u2019orologio. Il corpo [&hellip;]","og_url":"https:\/\/doctorquality.it\/staging\/prodotto\/smartwatch-supporto-bluetooth-fitness-tracker-per-apple-e-android-a65\/","og_site_name":"Doctor Quality - Staging","article_modified_time":"2026-01-05T13:57:55+00:00","og_image":[{"width":1000,"height":1000,"url":"https:\/\/doctorquality.it\/staging\/wp-content\/uploads\/2025\/09\/smart_watch_0_1.jpg","type":"image\/jpeg"}],"twitter_card":"summary_large_image","twitter_misc":{"Tempo di lettura stimato":"4 minuti"},"schema":{"@context":"https:\/\/schema.org","@graph":[{"@type":"WebPage","@id":"https:\/\/doctorquality.it\/staging\/prodotto\/smartwatch-supporto-bluetooth-fitness-tracker-per-apple-e-android-a65\/","url":"https:\/\/doctorquality.it\/staging\/prodotto\/smartwatch-supporto-bluetooth-fitness-tracker-per-apple-e-android-a65\/","name":"SmartWatch Supporto Bluetooth Fitness Tracker per Apple e Android A65 - Doctor Quality - Staging","isPartOf":{"@id":"https:\/\/doctorquality.it\/staging\/#website"},"primaryImageOfPage":{"@id":"https:\/\/doctorquality.it\/staging\/prodotto\/smartwatch-supporto-bluetooth-fitness-tracker-per-apple-e-android-a65\/#primaryimage"},"image":{"@id":"https:\/\/doctorquality.it\/staging\/prodotto\/smartwatch-supporto-bluetooth-fitness-tracker-per-apple-e-android-a65\/#primaryimage"},"thumbnailUrl":"https:\/\/doctorquality.it\/staging\/wp-content\/uploads\/2025\/09\/smart_watch_0_1.jpg","datePublished":"2025-09-27T13:29:55+00:00","dateModified":"2026-01-05T13:57:55+00:00","breadcrumb":{"@id":"https:\/\/doctorquality.it\/staging\/prodotto\/smartwatch-supporto-bluetooth-fitness-tracker-per-apple-e-android-a65\/#breadcrumb"},"inLanguage":"it-IT","potentialAction":[{"@type":"ReadAction","target":["https:\/\/doctorquality.it\/staging\/prodotto\/smartwatch-supporto-bluetooth-fitness-tracker-per-apple-e-android-a65\/"]}]},{"@type":"ImageObject","inLanguage":"it-IT","@id":"https:\/\/doctorquality.it\/staging\/prodotto\/smartwatch-supporto-bluetooth-fitness-tracker-per-apple-e-android-a65\/#primaryimage","url":"https:\/\/doctorquality.it\/staging\/wp-content\/uploads\/2025\/09\/smart_watch_0_1.jpg","contentUrl":"https:\/\/doctorquality.it\/staging\/wp-content\/uploads\/2025\/09\/smart_watch_0_1.jpg","width":1000,"height":1000},{"@type":"BreadcrumbList","@id":"https:\/\/doctorquality.it\/staging\/prodotto\/smartwatch-supporto-bluetooth-fitness-tracker-per-apple-e-android-a65\/#breadcrumb","itemListElement":[{"@type":"ListItem","position":1,"name":"Home","item":"https:\/\/doctorquality.it\/staging\/"},{"@type":"ListItem","position":2,"name":"Shop","item":"https:\/\/doctorquality.it\/staging\/shop\/"},{"@type":"ListItem","position":3,"name":"SmartWatch Supporto Bluetooth Fitness Tracker per Apple e Android A65"}]},{"@type":"WebSite","@id":"https:\/\/doctorquality.it\/staging\/#website","url":"https:\/\/doctorquality.it\/staging\/","name":"Doctor Quality - Staging","description":"I migliori Integratori e Medicinali al miglior prezzo online.","publisher":{"@id":"https:\/\/doctorquality.it\/staging\/#organization"},"potentialAction":[{"@type":"SearchAction","target":{"@type":"EntryPoint","urlTemplate":"https:\/\/doctorquality.it\/staging\/?s={search_term_string}"},"query-input":{"@type":"PropertyValueSpecification","valueRequired":true,"valueName":"search_term_string"}}],"inLanguage":"it-IT"},{"@type":"Organization","@id":"https:\/\/doctorquality.it\/staging\/#organization","name":"Doctor Quality - Staging","url":"https:\/\/doctorquality.it\/staging\/","logo":{"@type":"ImageObject","inLanguage":"it-IT","@id":"https:\/\/doctorquality.it\/staging\/#\/schema\/logo\/image\/","url":"https:\/\/doctorquality.it\/staging\/wp-content\/uploads\/2022\/04\/Doctor-Quality-Logo-1.png","contentUrl":"https:\/\/doctorquality.it\/staging\/wp-content\/uploads\/2022\/04\/Doctor-Quality-Logo-1.png","width":1000,"height":200,"caption":"Doctor Quality - Staging"},"image":{"@id":"https:\/\/doctorquality.it\/staging\/#\/schema\/logo\/image\/"}}]}},"tiered_pricing_type":"fixed","tiered_pricing_fixed_rules":[],"tiered_pricing_product_settings":{"layout":"default","base_unit_name":{"singular":null,"plural":null},"default_variation":null},"tiered_pricing_minimum_quantity":null,"tiered_pricing_roles_data":[],"tiered_pricing_percentage_rules":[],"_links":{"self":[{"href":"https:\/\/doctorquality.it\/staging\/wp-json\/wp\/v2\/product\/30898","targetHints":{"allow":["GET"]}}],"collection":[{"href":"https:\/\/doctorquality.it\/staging\/wp-json\/wp\/v2\/product"}],"about":[{"href":"https:\/\/doctorquality.it\/staging\/wp-json\/wp\/v2\/types\/product"}],"replies":[{"embeddable":true,"href":"https:\/\/doctorquality.it\/staging\/wp-json\/wp\/v2\/comments?post=30898"}],"wp:featuredmedia":[{"embeddable":true,"href":"https:\/\/doctorquality.it\/staging\/wp-json\/wp\/v2\/media\/30887"}],"wp:attachment":[{"href":"https:\/\/doctorquality.it\/staging\/wp-json\/wp\/v2\/media?parent=30898"}],"wp:term":[{"taxonomy":"product_cat","embeddable":true,"href":"https:\/\/doctorquality.it\/staging\/wp-json\/wp\/v2\/product_cat?post=30898"},{"taxonomy":"product_tag","embeddable":true,"href":"https:\/\/doctorquality.it\/staging\/wp-json\/wp\/v2\/product_tag?post=30898"}],"curies":[{"name":"wp","href":"https:\/\/api.w.org\/{rel}","templated":true}]}}