{"id":1986,"date":"2022-05-26T17:22:44","date_gmt":"2022-05-26T15:22:44","guid":{"rendered":"https:\/\/doctorquality.it\/staging\/?page_id=1986"},"modified":"2023-01-03T15:40:19","modified_gmt":"2023-01-03T14:40:19","slug":"condizioni-di-acquisto","status":"publish","type":"page","link":"https:\/\/doctorquality.it\/staging\/condizioni-di-acquisto\/","title":{"rendered":"Condizioni di Acquisto"},"content":{"rendered":"\n<p><em>Il nostro principale obiettivo \u00e9 offrire prodotti di qualit\u00e0 ad un prezzo chiaro e vantaggioso. Ma non basta se le condizioni per l&#8217;acquisto del prodotto non sono semplici e comprensibili da tutti.<\/em><\/p>\n\n\n\n<h2 class=\"wp-block-heading\" id=\"h-prezzi-contenuto-e-disponibilit-dei-prodotti\">Prezzi, contenuto e disponibilit\u00e0 dei prodotti<\/h2>\n\n\n\n<p><strong>Tutti i prezzi indicati nel sito includono l&#8217;IVA.<\/strong><\/p>\n\n\n\n<p>I prezzi e le disponibilit\u00e0 indicate nel presente catalogo si intendono salvo esaurimento delle scorte e sono soggetti a variazioni per cause di mercato o altro. Sconti, buoni acquisto e promozioni non sono mai cumulabili. Le immagini mostrate nel sito Internet sono del tutto indicative e potrebbero differire anche in modo significativo dal prodotto effettivamente disponibile.<\/p>\n\n\n\n<h2 class=\"wp-block-heading\" id=\"h-utilizzo-codici-promo\">Utilizzo codici promo<\/h2>\n\n\n\n<p>I coupon vanno inseriti manualmente nell&#8217;apposito spazio che si trova in basso a sinistra nella pagina del carrello, quest&#8217;ultimi non sono cumulabili tra loro.<\/p>\n\n\n\n<h2 class=\"wp-block-heading\" id=\"h-validit-dei-prezzi-e-conferma-d-ordine-via-email\">Validit\u00e0 dei prezzi e conferma d&#8217;ordine via email<\/h2>\n\n\n\n<p>Inviando il modulo d&#8217;ordine riceverete una conferma d&#8217;ordine automatica via email. Tale conferma d&#8217;ordine ha l&#8217;unico scopo di notificare il ricevimento dell&#8217;ordine elettronico e non costituisce formale accettazione dell&#8217;ordine. Il prezzo applicato sar\u00e0 quello fissato al momento dell&#8217;ordine. E&#8217; tuttavia possibile che alcune offerte o articoli siano nel frattempo esauriti o abbiano subito variazioni di prezzo particolarmente rilevanti. Ci riserviamo in tal caso di contattarvi nel pi\u00f9 breve tempo possibile per annullare l&#8217;ordine (senza penali per entrambe le parti) ed eventualmente proporvi un prodotto alternativo.<\/p>\n\n\n\n<h2 class=\"wp-block-heading\" id=\"h-responsabilit\">Responsabilit\u00e0<\/h2>\n\n\n\n<p>Si intende che Convenienza Web srls non assume alcuna responsabilit\u00e0 inerente all&#8217;utilizzo che il cliente intende fare della merce acquistata. In caso di merce difettosa o non funzionante ErcoFarma avr\u00e0 il solo onere della riparazione o sostituzione a sua discrezione. In nessun caso Convenienza Web Srls sar\u00e0 ritenuta responsabile per mancati guadagni dovuti all&#8217;impossibilit\u00e0 di utilizzare i prodotti acquistati.<\/p>\n\n\n\n<h2 class=\"wp-block-heading\" id=\"h-evasione-degli-ordini\">Evasione degli ordini<\/h2>\n\n\n\n<p>Se non diversamente indicato, ci riserviamo di inviare i prodotti disponibili e successivamente i prodotti non in stock senza ulteriori addebiti per il cliente. Se invece l&#8217;evasione parziale \u00e9 esplicitamente richiesta dal cliente egli dovr\u00e0 assumersi l&#8217;onere della spedizione aggiuntiva.<\/p>\n\n\n\n<p>La mancanza di prodotti o parti di essi nella confezione o ancora il loro eventuale danneggiamento durante il trasporto devono essere dichiarati entro 2 giorni dal ricevimento del pacco (anche a mezzo email).<\/p>\n\n\n\n<h2 class=\"wp-block-heading\" id=\"h-modalit-e-tempi-di-consegna\">Modalit\u00e0 e tempi di consegna<\/h2>\n\n\n\n<p>Convenienza web srls spedisce a mezzo Corriere espresso GLS , che offrono da sempre un servizio veloce e garantito.<\/p>\n\n\n\n<p>I tempi medi di spedizione sono 1-3 giorni lavorativi, ma questi possono variare per cause di forza maggiore come condizioni atmosferiche e scioperi.<\/p>\n\n\n\n<p>Le consegne vengono effettuate dal luned\u00ec al venerd\u00ec, nel normale orario di ufficio, escluse le festivit\u00e0 nazionali, recapitando i prodotti all&#8217;indirizzo specificato al momento dell&#8217;ordine.<\/p>\n\n\n\n<p>E&#8217; molto importante, in fase di acquisto, indicare un indirizzo di email valido ed un numero di telefono, in modo da permettere al corriere di comunicare la presa in carico della spedizione e ottimizzare cos\u00ec le modalit\u00e0 di consegna.<\/p>\n\n\n\n<p>Avvertenza : Ci puo&#8217; essere il caso che per alcune localita&#8217; (cap) i corriere cambino dinamicamente il costo della spedizione per questo noi abbiamo una applicazione che prima di spedire ci dice il costo preciso se questo non dovesse essere il vostro standard di 4,99 euro ve lo comunicheremo.<\/p>\n\n\n\n<h2 class=\"wp-block-heading\" id=\"h-costi-di-spedizione\">Costi di spedizione<\/h2>\n\n\n\n<p>Convenienza Web srls applica i seguenti costi di spedizione validi solo per l&#8217;Italia:<\/p>\n\n\n\n<ul class=\"wp-block-list\">\n<li>Per importi fino a 44,99 \u20ac: 4,99 \u20ac<\/li>\n\n\n\n<li>Per importi oltre 44,99 \u20ac: Gratis<\/li>\n<\/ul>\n\n\n\n<h2 class=\"wp-block-heading\" id=\"h-modalit-e-termini-di-pagamento\">Modalit\u00e0 e Termini di pagamento<\/h2>\n\n\n\n<h2 class=\"has-medium-font-size wp-block-heading\" id=\"h-contrassegno\">Contrassegno<\/h2>\n\n\n\n<p>Puoi decidere di pagare in contanti direttamente al corriere in questo caso c&#8217;e&#8217; un piccolo costo di 3,60 euro per il servizio del corriere.<\/p>\n\n\n\n<h3 class=\"wp-block-heading\" id=\"h-bonifico-bancario-anticipato\">Bonifico bancario anticipato<\/h3>\n\n\n\n<p>Contestualmente all&#8217;email automatica di conferma di ricevimento dell&#8217;ordine, invieremo gli estremi per il bonifico bancario da effettuarsi prima della partenza della merce. Per velocizzare il processo di spedizione \u00e8 opportuno inviare copia del bonifico effettuato.<\/p>\n\n\n\n<h3 class=\"wp-block-heading\" id=\"h-carta-di-credito\">Carta di credito<\/h3>\n\n\n\n<p>Questo metodo di pagamento permette di utilizzare la carta di credito acquistando in totale sicurezza.<\/p>\n\n\n\n<p>Al momento della conferma d\u2019ordine, ti baster\u00e0 selezionare l\u2019opzione di pagamento &#8220;Carta di credito&#8221;, per inserire direttamente i dati della tua carta per finalizzare l&#8217;acquisto.<\/p>\n\n\n\n<p>Le carte di credito accettate sono: tutte le carte dei circuiti VISA E MASTERCARD, AMERICAN EXPRESS, DISCOVER E CARTA AURA.<\/p>\n\n\n\n<h3 class=\"wp-block-heading\" id=\"h-paypal\">Paypal<\/h3>\n\n\n\n<p>Paypal \u00e8 un altro metodo di pagamento online assolutamente sicuro che ti permetter\u00e0 di effettuare il pagamento dell\u2019ordine accedendo direttamente al tuo account. I dati relativi al tuo conto e alla tua carta di credito saranno gestiti direttamente da Paypal, che ci fornir\u00e0 semplicemente una comunicazione via mail dopo che sar\u00e0 stato effettuato il pagamento.<\/p>\n\n\n\n<p>Al momento della conferma d\u2019ordine, ti baster\u00e0 selezionare l\u2019opzione di pagamento &#8220;Carta di credito o Paypal&#8221;, per essere direttamente trasferito sul sito di PAYPAL, inserisci quindi l&#8217;email e la password per accedere al tuo conto Paypal e completare il pagamento.<\/p>\n\n\n\n<h2 class=\"wp-block-heading\" id=\"h-restituzione-della-merce-e-diritto-di-recesso\">Restituzione della merce e diritto di recesso<\/h2>\n\n\n\n<p>Qualora il Cliente sia un &#8220;consumatore&#8221; (ossia una persona fisica che agisce per scopi estranei all&#8217;attivit\u00e0 imprenditoriale, commerciale, artigianale o professionale eventualmente svolta), ha diritto, ai sensi e per gli effetti del D. Lgs. 206\/2005 aggiornato dal Codice del Consumo in attuazione della direttiva 2011\/83\/UE sui diritti dei consumatori in vigore dal 14 giugno 2014, di recedere dai Contratti di Compravendita entro 14 giorni dalla data di ricevimento dei Prodotti oggetto dei Contratti di Compravendita. Il Diritto di recesso deve essere esercitato dal Cliente inviando a Convenienza Web srls una comunicazione scritta, a mezzo e-mail all&#8217;indirizzo indicato nella pagina dei Contatti, contenente:<\/p>\n\n\n\n<p>&#8211; la manifestazione di volont\u00e0 di avvalersi del diritto di recesso;<\/p>\n\n\n\n<p>&#8211; l\u2019indicazione del numero d&#8217;ordine che ha dato luogo al Contratto di Compravendita dal quale intende recedere.<\/p>\n\n\n\n<p>In caso di esercizio da parte del Cliente del diritto di recesso:<\/p>\n\n\n\n<p>&#8211; il Cliente deve restituire i Prodotti entro 14 giorni dalla data della comunicazione di recesso all&#8217;indirizzo Via Torelli 30, 50032 Luco di Mugello di Borgo San Lorenzo (FI);<\/p>\n\n\n\n<p>&#8211; tutti i costi connessi alla restituzione dei Prodotti sono interamente a carico dei Clienti;<\/p>\n\n\n\n<p>&#8211; Convenienza web srls si impegna a rimborsare il Prezzo nel minor tempo possibile, e comunque entro 14 giorni dalla data di ricevimento della comunicazione di recesso a condizione che:<\/p>\n\n\n\n<p>&#8211; i prodotti siano stati restituiti e siano integri;<\/p>\n\n\n\n<p>&#8211; sia restituito anche l\u2019imballaggio\/confezione originale dei prodotti e lo stesso sia integro;<\/p>\n\n\n\n<p>&#8211; siano restituiti anche eventuali accessori e gli stessi siano integri;<\/p>\n\n\n\n<p>&#8211; i prodotti non siano stati utilizzati in maniera diversa da quella necessaria per stabilirne la natura, le caratteristiche e il funzionamento;<\/p>\n\n\n\n<p>&#8211; Convenienza Web srls comunicher\u00e0 al Cliente le modalit\u00e0 di rimborso del prezzo e potr\u00e0, a tal fine, richiedere al Cliente i suoi dati bancari (IBAN e intestatario del c\/c).<\/p>\n\n\n\n<p>Nel caso in cui il prodotto sia deteriorato o danneggiato  rimborser\u00e0 comunque il prodotto, ma al prezzo diminuito del deprezzamento causato dal cliente.<\/p>\n\n\n\n<p><\/p>\n\n\n\n<h2 class=\"wp-block-heading\" id=\"h-informazioni-a-tutela-della-privacy\">Informazioni a tutela della privacy<\/h2>\n\n\n\n<p>Convenienza Web srls , ai sensi del DL n. 196 del 30 giugno 2003 recante disposizioni a &#8220;Tutela delle persone e di altri soggetti rispetto al trattamento dei dati personali&#8221;, La informa di quanto segue:<\/p>\n\n\n\n<p>I dati da Lei forniti (in prosieguo i &#8220;Dati&#8221;) nelle apposite rubriche del Sito, potranno formare oggetto di raccolta, registrazione, organizzazione, conservazione, elaborazione, modificazione, selezione, estrazione, raffronto, utilizzo, interconnessione, blocco, comunicazione, diffusione, cancellazione e distruzione (&#8220;il Trattamento&#8221;), nel rispetto della Legge e degli obblighi di riservatezza.<\/p>\n\n\n\n<p>I Dati saranno trattati per le finalit\u00e0 di seguito indicate, anche connesse e strumentali all&#8217;attivit\u00e0 di Convenienza Web srls , in particolare: attivit\u00e0 contabili, fiscali, commerciali e amministrative.<\/p>\n\n\n\n<p>Eventuali attivit\u00e0 di marketing, promozionali, invio di materiale pubblicitario ed informativo, attivit\u00e0 dirette di vendita o di collocamento di prodotti o servizi saranno svolte solo se esplicitamente indicato nella scheda di registrazione.<\/p>\n\n\n\n<p>In relazione alle indicate finalit\u00e0, il Trattamento dei Dati avverr\u00e0 attraverso strumenti informatici e\/o telematici, ovvero su supporto cartaceo, e comunque mediante strumenti idonei a garantirne la sicurezza e la riservatezza.<\/p>\n\n\n\n<p>Societ\u00e0 titolare del trattamento dei dati \u00e8 la stessa Convenienza Web srls. con sede in Via Torelli 30, 50032 Luco di Mugello di Borgo San Lorenzo (FI).<\/p>\n\n\n\n<p>I Dati potranno essere comunicati, per le finalit\u00e0 di Trattamento sopra elencate, a persone fisiche o giuridiche, enti o consorzi, nominati da Convenienza Web srls per fornire servizi elaborativi, strumentali o di supporto a quelli di Convenienza Web srls , in particolare: societ\u00e0 che svolgono servizi informatici, contabili, commerciali, gestionali, assicurativi, bancari e finanziari, periti, consulenti, legali, organismi associativi, amministrazioni pubbliche, universit\u00e0 e centri di ricerca.<\/p>\n\n\n\n<p>Potranno altres\u00ec essere comunicati a societ\u00e0 controllate e\/o collegate, anche indirettamente, a Convenienza Web srls. Un elenco dettagliato dei soggetti ai quali i dati possono essere comunicati \u00e8 disponibile presso gli uffici di  Convenienza Web srls. I Dati potranno essere trasferiti all&#8217;estero.<\/p>\n\n\n\n<p>Convenienza Web srls la informa altres\u00ec che, in relazione al predetto Trattamento, lei potr\u00e0 esercitare i diritti previsti dalla legge, tra cui, in particolare, il diritto di conoscere i Suoi dati personali registrati, ottenerne l&#8217;aggiornamento, la rettifica o l&#8217;integrazione, opporsi a trattamenti di dati illegittimi o effettuati per fini di informazione commerciale, invio di materiale pubblicitario, vendite dirette, comunicazione commerciale interattiva.<\/p>\n\n\n\n<p>Parte di queste modifiche potranno essere effettuate attraverso questa stessa scheda di registrazione on line. Per modifiche non consentite on line potr\u00e0 rivolgersi a Convenienza Web srlscon sede in Via Torelli 30, 50032 Luco di Mugello di Borgo San Lorenzo (FI).<\/p>\n\n\n\n<h2 class=\"wp-block-heading\" id=\"h-dati-sociali\">Dati sociali<\/h2>\n\n\n\n<p>Convenienza Web srls con sede in Via Torelli 30, 50032 Luco di Mugello di Borgo San Lorenzo (FI) &#8211; P. IVA 07167160485<\/p>\n\n\n\n<p><strong>ODR<\/strong><\/p>\n\n\n\n<p>Strumento online per la risoluzione delle controversie gestito dalla Commissione Europea:&nbsp;<a href=\"https:\/\/webgate.ec.europa.eu\/odr\/main\/index.cfm?event=main.home.show&amp;lng=IT\">ODR<\/a><\/p>\n\n\n\n<p>Doctor Quality \u2013 Divisione e-commerce di Convenienza Web srls\u2013 P.IVA 07216830484 &#8211; Via Torelli 30, 50032 Luco di Mugello di Borgo San Lorenzo (FI) \u2013 Tutti i diritti riservati.<\/p>\n","protected":false},"excerpt":{"rendered":"<p>Il nostro principale obiettivo \u00e9 offrire prodotti di qualit\u00e0 ad un prezzo chiaro e vantaggioso. Ma non basta se le condizioni per l&#8217;acquisto del prodotto non sono semplici e comprensibili da tutti. Prezzi, contenuto e disponibilit\u00e0 dei prodotti Tutti i prezzi indicati nel sito includono l&#8217;IVA. I prezzi e le disponibilit\u00e0 indicate nel presente catalogo [&hellip;]<\/p>\n","protected":false},"author":1,"featured_media":0,"parent":0,"menu_order":12,"comment_status":"closed","ping_status":"closed","template":"","meta":{"_acf_changed":false,"footnotes":""},"class_list":["post-1986","page","type-page","status-publish","hentry"],"acf":[],"yoast_head":"<!-- This site is optimized with the Yoast SEO plugin v27.4 - https:\/\/yoast.com\/product\/yoast-seo-wordpress\/ -->\n<title>Condizioni di Acquisto - Doctor Quality - Staging<\/title>\n<meta name=\"robots\" content=\"noindex, follow, max-snippet:-1, max-image-preview:large, max-video-preview:-1\" \/>\n<meta property=\"og:locale\" content=\"it_IT\" \/>\n<meta property=\"og:type\" content=\"article\" \/>\n<meta property=\"og:title\" content=\"Condizioni di Acquisto - Doctor Quality - Staging\" \/>\n<meta property=\"og:description\" content=\"Il nostro principale obiettivo \u00e9 offrire prodotti di qualit\u00e0 ad un prezzo chiaro e vantaggioso. Ma non basta se le condizioni per l&#8217;acquisto del prodotto non sono semplici e comprensibili da tutti. Prezzi, contenuto e disponibilit\u00e0 dei prodotti Tutti i prezzi indicati nel sito includono l&#8217;IVA. I prezzi e le disponibilit\u00e0 indicate nel presente catalogo [&hellip;]\" \/>\n<meta property=\"og:url\" content=\"https:\/\/doctorquality.it\/staging\/condizioni-di-acquisto\/\" \/>\n<meta property=\"og:site_name\" content=\"Doctor Quality - Staging\" \/>\n<meta property=\"article:modified_time\" content=\"2023-01-03T14:40:19+00:00\" \/>\n<meta name=\"twitter:card\" content=\"summary_large_image\" \/>\n<meta name=\"twitter:label1\" content=\"Tempo di lettura stimato\" \/>\n\t<meta name=\"twitter:data1\" content=\"9 minuti\" \/>\n<script type=\"application\/ld+json\" class=\"yoast-schema-graph\">{\"@context\":\"https:\\\/\\\/schema.org\",\"@graph\":[{\"@type\":\"WebPage\",\"@id\":\"https:\\\/\\\/doctorquality.it\\\/staging\\\/condizioni-di-acquisto\\\/\",\"url\":\"https:\\\/\\\/doctorquality.it\\\/staging\\\/condizioni-di-acquisto\\\/\",\"name\":\"Condizioni di Acquisto - Doctor Quality - Staging\",\"isPartOf\":{\"@id\":\"https:\\\/\\\/doctorquality.it\\\/staging\\\/#website\"},\"datePublished\":\"2022-05-26T15:22:44+00:00\",\"dateModified\":\"2023-01-03T14:40:19+00:00\",\"breadcrumb\":{\"@id\":\"https:\\\/\\\/doctorquality.it\\\/staging\\\/condizioni-di-acquisto\\\/#breadcrumb\"},\"inLanguage\":\"it-IT\",\"potentialAction\":[{\"@type\":\"ReadAction\",\"target\":[\"https:\\\/\\\/doctorquality.it\\\/staging\\\/condizioni-di-acquisto\\\/\"]}]},{\"@type\":\"BreadcrumbList\",\"@id\":\"https:\\\/\\\/doctorquality.it\\\/staging\\\/condizioni-di-acquisto\\\/#breadcrumb\",\"itemListElement\":[{\"@type\":\"ListItem\",\"position\":1,\"name\":\"Home\",\"item\":\"https:\\\/\\\/doctorquality.it\\\/staging\\\/\"},{\"@type\":\"ListItem\",\"position\":2,\"name\":\"Condizioni di Acquisto\"}]},{\"@type\":\"WebSite\",\"@id\":\"https:\\\/\\\/doctorquality.it\\\/staging\\\/#website\",\"url\":\"https:\\\/\\\/doctorquality.it\\\/staging\\\/\",\"name\":\"Doctor Quality - Staging\",\"description\":\"I migliori Integratori e Medicinali al miglior prezzo online.\",\"publisher\":{\"@id\":\"https:\\\/\\\/doctorquality.it\\\/staging\\\/#organization\"},\"potentialAction\":[{\"@type\":\"SearchAction\",\"target\":{\"@type\":\"EntryPoint\",\"urlTemplate\":\"https:\\\/\\\/doctorquality.it\\\/staging\\\/?s={search_term_string}\"},\"query-input\":{\"@type\":\"PropertyValueSpecification\",\"valueRequired\":true,\"valueName\":\"search_term_string\"}}],\"inLanguage\":\"it-IT\"},{\"@type\":\"Organization\",\"@id\":\"https:\\\/\\\/doctorquality.it\\\/staging\\\/#organization\",\"name\":\"Doctor Quality - Staging\",\"url\":\"https:\\\/\\\/doctorquality.it\\\/staging\\\/\",\"logo\":{\"@type\":\"ImageObject\",\"inLanguage\":\"it-IT\",\"@id\":\"https:\\\/\\\/doctorquality.it\\\/staging\\\/#\\\/schema\\\/logo\\\/image\\\/\",\"url\":\"https:\\\/\\\/doctorquality.it\\\/staging\\\/wp-content\\\/uploads\\\/2022\\\/04\\\/Doctor-Quality-Logo-1.png\",\"contentUrl\":\"https:\\\/\\\/doctorquality.it\\\/staging\\\/wp-content\\\/uploads\\\/2022\\\/04\\\/Doctor-Quality-Logo-1.png\",\"width\":1000,\"height\":200,\"caption\":\"Doctor Quality - Staging\"},\"image\":{\"@id\":\"https:\\\/\\\/doctorquality.it\\\/staging\\\/#\\\/schema\\\/logo\\\/image\\\/\"}}]}<\/script>\n<!-- \/ Yoast SEO plugin. -->","yoast_head_json":{"title":"Condizioni di Acquisto - Doctor Quality - Staging","robots":{"index":"noindex","follow":"follow","max-snippet":"max-snippet:-1","max-image-preview":"max-image-preview:large","max-video-preview":"max-video-preview:-1"},"og_locale":"it_IT","og_type":"article","og_title":"Condizioni di Acquisto - Doctor Quality - Staging","og_description":"Il nostro principale obiettivo \u00e9 offrire prodotti di qualit\u00e0 ad un prezzo chiaro e vantaggioso. Ma non basta se le condizioni per l&#8217;acquisto del prodotto non sono semplici e comprensibili da tutti. Prezzi, contenuto e disponibilit\u00e0 dei prodotti Tutti i prezzi indicati nel sito includono l&#8217;IVA. I prezzi e le disponibilit\u00e0 indicate nel presente catalogo [&hellip;]","og_url":"https:\/\/doctorquality.it\/staging\/condizioni-di-acquisto\/","og_site_name":"Doctor Quality - Staging","article_modified_time":"2023-01-03T14:40:19+00:00","twitter_card":"summary_large_image","twitter_misc":{"Tempo di lettura stimato":"9 minuti"},"schema":{"@context":"https:\/\/schema.org","@graph":[{"@type":"WebPage","@id":"https:\/\/doctorquality.it\/staging\/condizioni-di-acquisto\/","url":"https:\/\/doctorquality.it\/staging\/condizioni-di-acquisto\/","name":"Condizioni di Acquisto - Doctor Quality - Staging","isPartOf":{"@id":"https:\/\/doctorquality.it\/staging\/#website"},"datePublished":"2022-05-26T15:22:44+00:00","dateModified":"2023-01-03T14:40:19+00:00","breadcrumb":{"@id":"https:\/\/doctorquality.it\/staging\/condizioni-di-acquisto\/#breadcrumb"},"inLanguage":"it-IT","potentialAction":[{"@type":"ReadAction","target":["https:\/\/doctorquality.it\/staging\/condizioni-di-acquisto\/"]}]},{"@type":"BreadcrumbList","@id":"https:\/\/doctorquality.it\/staging\/condizioni-di-acquisto\/#breadcrumb","itemListElement":[{"@type":"ListItem","position":1,"name":"Home","item":"https:\/\/doctorquality.it\/staging\/"},{"@type":"ListItem","position":2,"name":"Condizioni di Acquisto"}]},{"@type":"WebSite","@id":"https:\/\/doctorquality.it\/staging\/#website","url":"https:\/\/doctorquality.it\/staging\/","name":"Doctor Quality - Staging","description":"I migliori Integratori e Medicinali al miglior prezzo online.","publisher":{"@id":"https:\/\/doctorquality.it\/staging\/#organization"},"potentialAction":[{"@type":"SearchAction","target":{"@type":"EntryPoint","urlTemplate":"https:\/\/doctorquality.it\/staging\/?s={search_term_string}"},"query-input":{"@type":"PropertyValueSpecification","valueRequired":true,"valueName":"search_term_string"}}],"inLanguage":"it-IT"},{"@type":"Organization","@id":"https:\/\/doctorquality.it\/staging\/#organization","name":"Doctor Quality - Staging","url":"https:\/\/doctorquality.it\/staging\/","logo":{"@type":"ImageObject","inLanguage":"it-IT","@id":"https:\/\/doctorquality.it\/staging\/#\/schema\/logo\/image\/","url":"https:\/\/doctorquality.it\/staging\/wp-content\/uploads\/2022\/04\/Doctor-Quality-Logo-1.png","contentUrl":"https:\/\/doctorquality.it\/staging\/wp-content\/uploads\/2022\/04\/Doctor-Quality-Logo-1.png","width":1000,"height":200,"caption":"Doctor Quality - Staging"},"image":{"@id":"https:\/\/doctorquality.it\/staging\/#\/schema\/logo\/image\/"}}]}},"_links":{"self":[{"href":"https:\/\/doctorquality.it\/staging\/wp-json\/wp\/v2\/pages\/1986","targetHints":{"allow":["GET"]}}],"collection":[{"href":"https:\/\/doctorquality.it\/staging\/wp-json\/wp\/v2\/pages"}],"about":[{"href":"https:\/\/doctorquality.it\/staging\/wp-json\/wp\/v2\/types\/page"}],"author":[{"embeddable":true,"href":"https:\/\/doctorquality.it\/staging\/wp-json\/wp\/v2\/users\/1"}],"replies":[{"embeddable":true,"href":"https:\/\/doctorquality.it\/staging\/wp-json\/wp\/v2\/comments?post=1986"}],"version-history":[{"count":12,"href":"https:\/\/doctorquality.it\/staging\/wp-json\/wp\/v2\/pages\/1986\/revisions"}],"predecessor-version":[{"id":3952,"href":"https:\/\/doctorquality.it\/staging\/wp-json\/wp\/v2\/pages\/1986\/revisions\/3952"}],"wp:attachment":[{"href":"https:\/\/doctorquality.it\/staging\/wp-json\/wp\/v2\/media?parent=1986"}],"curies":[{"name":"wp","href":"https:\/\/api.w.org\/{rel}","templated":true}]}}